CRAN Package Check Results for Package mueRelativeRisk

Last updated on 2024-04-22 18:52:55 CEST.

Flavor Version Tinstall Tcheck Ttotal Status Flags
r-devel-linux-x86_64-debian-clang 0.1.1 1.98 27.39 29.37 NOTE
r-devel-linux-x86_64-debian-gcc 0.1.1 1.63 20.92 22.55 NOTE
r-devel-linux-x86_64-fedora-clang 0.1.1 37.44 NOTE
r-devel-linux-x86_64-fedora-gcc 0.1.1 48.18 NOTE
r-prerel-macos-arm64 0.1.1 21.00 NOTE
r-prerel-windows-x86_64 0.1.1 3.00 48.00 51.00 NOTE
r-patched-linux-x86_64 0.1.1 2.12 25.87 27.99 NOTE
r-release-linux-x86_64 0.1.1 1.92 23.95 25.87 NOTE
r-release-macos-arm64 0.1.1 22.00 NOTE
r-release-macos-x86_64 0.1.1 31.00 NOTE
r-release-windows-x86_64 0.1.1 3.00 51.00 54.00 NOTE
r-oldrel-macos-arm64 0.1.1 19.00 NOTE
r-oldrel-windows-x86_64 0.1.1 5.00 54.00 59.00 NOTE

Check Details

Version: 0.1.1
Check: LazyData
Result: NOTE 'LazyData' is specified without a 'data' directory Flavors: r-devel-linux-x86_64-debian-clang, r-devel-linux-x86_64-debian-gcc, r-devel-linux-x86_64-fedora-clang, r-devel-linux-x86_64-fedora-gcc, r-prerel-macos-arm64, r-prerel-windows-x86_64, r-patched-linux-x86_64, r-release-linux-x86_64, r-release-macos-arm64, r-release-macos-x86_64, r-release-windows-x86_64, r-oldrel-macos-arm64, r-oldrel-windows-x86_64