CRAN Package Check Results for Package muHVT

Last updated on 2023-01-29 13:51:29 CET.

Flavor Version Tinstall Tcheck Ttotal Status Flags
r-devel-linux-x86_64-debian-clang 2.0.0 8.29 108.27 116.56 OK
r-devel-linux-x86_64-debian-gcc 2.0.0 8.09 80.41 88.50 OK
r-devel-linux-x86_64-fedora-clang 2.0.0 151.39 NOTE
r-devel-linux-x86_64-fedora-gcc 2.0.0 149.39 NOTE
r-devel-windows-x86_64 2.0.0 21.00 152.00 173.00 OK
r-patched-linux-x86_64 2.0.0 10.72 100.44 111.16 OK
r-release-linux-x86_64 2.0.0 7.25 100.69 107.94 OK
r-release-macos-arm64 2.0.0 39.00 NOTE
r-release-macos-x86_64 2.0.0 61.00 NOTE
r-release-windows-x86_64 2.0.0 21.00 150.00 171.00 OK
r-oldrel-macos-arm64 2.0.0 40.00 NOTE
r-oldrel-macos-x86_64 2.0.0 57.00 NOTE
r-oldrel-windows-ix86+x86_64 2.0.0 22.00 135.00 157.00 OK

Check Details

Version: 2.0.0
Check: dependencies in R code
Result: NOTE
    Namespaces in Imports field not imported from:
     ‘gtools’ ‘patchwork’ ‘plyr’ ‘tidyverse’
     All declared Imports should be used.
Flavors: r-devel-linux-x86_64-fedora-clang, r-devel-linux-x86_64-fedora-gcc, r-release-macos-arm64, r-release-macos-x86_64, r-oldrel-macos-arm64, r-oldrel-macos-x86_64