CRAN Package Check Results for Package modelbpp

Last updated on 2024-04-13 18:55:21 CEST.

Flavor Version Tinstall Tcheck Ttotal Status Flags
r-devel-linux-x86_64-debian-clang 0.1.3 5.33 110.64 115.97 OK
r-devel-linux-x86_64-debian-gcc 0.1.3 3.52 80.64 84.16 OK
r-devel-linux-x86_64-fedora-clang 0.1.3 138.26 NOTE
r-devel-linux-x86_64-fedora-gcc 0.1.3 144.47 OK
r-devel-windows-x86_64 0.1.3 6.00 91.00 97.00 OK
r-patched-linux-x86_64 0.1.3 8.99 104.99 113.98 OK
r-release-linux-x86_64 0.1.3 5.52 103.55 109.07 OK
r-release-macos-arm64 0.1.3 51.00 OK
r-release-macos-x86_64 0.1.3 118.00 OK
r-release-windows-x86_64 0.1.3 7.00 120.00 127.00 OK
r-oldrel-macos-arm64 0.1.3 46.00 OK
r-oldrel-windows-x86_64 0.1.3 8.00 121.00 129.00 OK

Check Details

Version: 0.1.3
Check: Rd cross-references
Result: NOTE Undeclared package ‘semTools’ in Rd xrefs Flavor: r-devel-linux-x86_64-fedora-clang