CRAN Package Check Results for Package modACDC

Last updated on 2025-01-19 10:49:12 CET.

Flavor Version Tinstall Tcheck Ttotal Status Flags
r-devel-linux-x86_64-debian-clang 2.0.1 7.09 52.35 59.44 OK
r-devel-linux-x86_64-debian-gcc 2.0.1 4.48 38.17 42.65 OK
r-devel-linux-x86_64-fedora-clang 2.0.1 96.76 NOTE
r-devel-linux-x86_64-fedora-gcc 2.0.1 87.26 NOTE
r-devel-windows-x86_64 2.0.1 7.00 71.00 78.00 OK
r-patched-linux-x86_64 2.0.1 6.65 48.28 54.93 OK
r-release-linux-x86_64 2.0.1 6.14 48.54 54.68 OK
r-release-macos-arm64 2.0.1 34.00 OK
r-release-macos-x86_64 2.0.1 44.00 OK
r-release-windows-x86_64 2.0.1 10.00 75.00 85.00 OK
r-oldrel-macos-arm64 2.0.1 40.00 OK
r-oldrel-macos-x86_64 2.0.1 69.00 OK
r-oldrel-windows-x86_64 2.0.1 11.00 84.00 95.00 OK

Check Details

Version: 2.0.1
Check: dependencies in R code
Result: NOTE Namespace in Imports field not imported from: ‘tibble’ All declared Imports should be used. Flavors: r-devel-linux-x86_64-fedora-clang, r-devel-linux-x86_64-fedora-gcc