CRAN Package Check Results for Package mize

Last updated on 2025-01-13 18:49:24 CET.

Flavor Version Tinstall Tcheck Ttotal Status Flags
r-devel-linux-x86_64-debian-clang 0.2.4 7.31 69.02 76.33 OK
r-devel-linux-x86_64-debian-gcc 0.2.4 4.27 47.21 51.48 OK
r-devel-linux-x86_64-fedora-clang 0.2.4 129.37 OK
r-devel-linux-x86_64-fedora-gcc 0.2.4 127.80 OK
r-devel-windows-x86_64 0.2.4 8.00 81.00 89.00 OK
r-patched-linux-x86_64 0.2.4 6.22 63.49 69.71 NOTE
r-release-linux-x86_64 0.2.4 6.23 63.50 69.73 NOTE
r-release-macos-arm64 0.2.4 38.00 NOTE
r-release-macos-x86_64 0.2.4 61.00 NOTE
r-release-windows-x86_64 0.2.4 6.00 79.00 85.00 NOTE
r-oldrel-macos-arm64 0.2.4 42.00 NOTE
r-oldrel-macos-x86_64 0.2.4 64.00 NOTE
r-oldrel-windows-x86_64 0.2.4 7.00 94.00 101.00 NOTE

Check Details

Version: 0.2.4
Check: LazyData
Result: NOTE 'LazyData' is specified without a 'data' directory Flavors: r-patched-linux-x86_64, r-release-linux-x86_64, r-release-macos-arm64, r-release-macos-x86_64, r-release-windows-x86_64, r-oldrel-macos-arm64, r-oldrel-macos-x86_64, r-oldrel-windows-x86_64