Last updated on 2023-12-10 04:00:01 CET.
Flavor | Version | Tinstall | Tcheck | Ttotal | Status | Flags |
---|---|---|---|---|---|---|
r-devel-linux-x86_64-debian-clang | 2.0.6 | 108.74 | 46.61 | 155.35 | OK | |
r-devel-linux-x86_64-debian-gcc | 2.0.6 | 68.85 | 36.39 | 105.24 | OK | |
r-devel-linux-x86_64-fedora-clang | 2.0.6 | 220.81 | OK | |||
r-devel-linux-x86_64-fedora-gcc | 2.0.6 | 202.59 | OK | |||
r-devel-windows-x86_64 | 2.0.6 | 69.00 | 81.00 | 150.00 | OK | |
r-patched-linux-x86_64 | 2.0.6 | 80.82 | 47.04 | 127.86 | OK | |
r-release-linux-x86_64 | 2.0.6 | 84.97 | 46.11 | 131.08 | OK | |
r-release-macos-arm64 | 2.0.6 | 147.00 | NOTE | |||
r-release-macos-x86_64 | 2.0.6 | 160.00 | NOTE | |||
r-release-windows-x86_64 | 2.0.6 | 87.00 | 97.00 | 184.00 | OK | |
r-oldrel-macos-arm64 | 2.0.6 | 59.00 | NOTE | |||
r-oldrel-macos-x86_64 | 2.0.6 | 165.00 | NOTE | |||
r-oldrel-windows-x86_64 | 2.0.6 | 92.00 | 93.00 | 185.00 | OK |
Version: 2.0.6
Check: installed package size
Result: NOTE
installed size is 11.7Mb
sub-directories of 1Mb or more:
libs 11.3Mb
Flavors: r-release-macos-arm64, r-release-macos-x86_64, r-oldrel-macos-arm64, r-oldrel-macos-x86_64