CRAN Package Check Results for Package mixture

Last updated on 2022-12-09 11:00:42 CET.

Flavor Version Tinstall Tcheck Ttotal Status Flags
r-devel-linux-x86_64-debian-clang 2.0.5 110.33 48.57 158.90 OK
r-devel-linux-x86_64-debian-gcc 2.0.5 77.54 43.82 121.36 OK
r-devel-linux-x86_64-fedora-clang 2.0.5 219.77 OK
r-devel-linux-x86_64-fedora-gcc 2.0.5 198.66 OK
r-devel-windows-x86_64 2.0.5 79.00 122.00 201.00 OK
r-patched-linux-x86_64 2.0.5 72.38 44.95 117.33 OK
r-release-linux-x86_64 2.0.5 77.45 46.08 123.53 OK
r-release-macos-arm64 2.0.5 65.00 NOTE
r-release-macos-x86_64 2.0.5 76.00 NOTE
r-release-windows-x86_64 2.0.5 83.00 104.00 187.00 OK
r-oldrel-macos-arm64 2.0.5 61.00 NOTE
r-oldrel-macos-x86_64 2.0.5 80.00 NOTE
r-oldrel-windows-ix86+x86_64 2.0.5 198.00 104.00 302.00 OK

Check Details

Version: 2.0.5
Check: installed package size
Result: NOTE
     installed size is 12.0Mb
     sub-directories of 1Mb or more:
     libs 11.7Mb
Flavors: r-release-macos-arm64, r-release-macos-x86_64, r-oldrel-macos-arm64, r-oldrel-macos-x86_64