Last updated on 2023-01-29 18:53:13 CET.
Flavor | Version | Tinstall | Tcheck | Ttotal | Status | Flags |
---|---|---|---|---|---|---|
r-devel-linux-x86_64-debian-clang | 2.0.3 | 4.68 | 54.17 | 58.85 | OK | |
r-devel-linux-x86_64-debian-gcc | 2.0.3 | 4.41 | 40.41 | 44.82 | OK | |
r-devel-linux-x86_64-fedora-clang | 2.0.3 | 79.34 | NOTE | |||
r-devel-linux-x86_64-fedora-gcc | 2.0.3 | 70.77 | NOTE | |||
r-devel-windows-x86_64 | 2.0.3 | 51.00 | 94.00 | 145.00 | OK | |
r-patched-linux-x86_64 | 2.0.3 | 5.76 | 48.90 | 54.66 | OK | |
r-release-linux-x86_64 | 2.0.3 | 5.98 | 48.84 | 54.82 | OK | |
r-release-macos-arm64 | 2.0.3 | 27.00 | NOTE | |||
r-release-macos-x86_64 | 2.0.3 | 33.00 | NOTE | |||
r-release-windows-x86_64 | 2.0.3 | 31.00 | 85.00 | 116.00 | OK | |
r-oldrel-macos-arm64 | 2.0.3 | 27.00 | NOTE | |||
r-oldrel-macos-x86_64 | 2.0.3 | 38.00 | NOTE | |||
r-oldrel-windows-ix86+x86_64 | 2.0.3 | 11.00 | 79.00 | 90.00 | OK |
Version: 2.0.3
Check: data for non-ASCII characters
Result: NOTE
Note: found 9 marked UTF-8 strings
Flavors: r-devel-linux-x86_64-fedora-clang, r-devel-linux-x86_64-fedora-gcc, r-release-macos-arm64, r-release-macos-x86_64, r-oldrel-macos-arm64, r-oldrel-macos-x86_64