CRAN Package Check Results for Package metabolic

Last updated on 2023-01-29 13:51:28 CET.

Flavor Version Tinstall Tcheck Ttotal Status Flags
r-devel-linux-x86_64-debian-clang 0.1.1 5.72 46.65 52.37 OK
r-devel-linux-x86_64-debian-gcc 0.1.1 4.61 35.63 40.24 OK
r-devel-linux-x86_64-fedora-clang 0.1.1 67.48 NOTE
r-devel-linux-x86_64-fedora-gcc 0.1.1 67.01 NOTE
r-devel-windows-x86_64 0.1.1 22.00 84.00 106.00 OK
r-patched-linux-x86_64 0.1.1 6.24 43.37 49.61 OK
r-release-linux-x86_64 0.1.1 3.97 44.62 48.59 OK
r-release-macos-arm64 0.1.1 23.00 NOTE
r-release-macos-x86_64 0.1.1 33.00 NOTE
r-release-windows-x86_64 0.1.1 19.00 72.00 91.00 OK
r-oldrel-macos-arm64 0.1.1 23.00 NOTE
r-oldrel-macos-x86_64 0.1.1 37.00 NOTE
r-oldrel-windows-ix86+x86_64 0.1.1 15.00 70.00 85.00 OK

Check Details

Version: 0.1.1
Check: data for non-ASCII characters
Result: NOTE
     Note: found 37 marked UTF-8 strings
Flavors: r-devel-linux-x86_64-fedora-clang, r-devel-linux-x86_64-fedora-gcc, r-release-macos-arm64, r-release-macos-x86_64, r-oldrel-macos-arm64, r-oldrel-macos-x86_64