CRAN Package Check Results for Package mcb

Last updated on 2024-04-17 02:49:17 CEST.

Flavor Version Tinstall Tcheck Ttotal Status Flags
r-devel-linux-x86_64-debian-clang 0.1.15 12.80 132.70 145.50 OK
r-devel-linux-x86_64-debian-gcc 0.1.15 6.90 95.36 102.26 OK
r-devel-linux-x86_64-fedora-clang 0.1.15 175.84 NOTE
r-devel-linux-x86_64-fedora-gcc 0.1.15 165.55 NOTE
r-prerel-macos-arm64 0.1.15 50.00 OK
r-prerel-windows-x86_64 0.1.15 10.00 100.00 110.00 OK
r-patched-linux-x86_64 0.1.15 9.31 123.86 133.17 OK
r-release-linux-x86_64 0.1.15 9.27 127.87 137.14 OK
r-release-macos-arm64 0.1.15 53.00 OK
r-release-macos-x86_64 0.1.15 101.00 OK
r-release-windows-x86_64 0.1.15 16.00 125.00 141.00 OK
r-oldrel-macos-arm64 0.1.15 50.00 NOTE
r-oldrel-windows-x86_64 0.1.15 14.00 130.00 144.00 OK

Check Details

Version: 0.1.15
Check: dependencies in R code
Result: NOTE Namespaces in Imports field not imported from: ‘MASS’ ‘lars’ ‘methods’ ‘parallel’ ‘smoothmest’ All declared Imports should be used. Flavors: r-devel-linux-x86_64-fedora-clang, r-devel-linux-x86_64-fedora-gcc, r-oldrel-macos-arm64