CRAN Package Check Results for Package markerpen

Last updated on 2024-04-17 02:49:17 CEST.

Flavor Version Tinstall Tcheck Ttotal Status Flags
r-devel-linux-x86_64-debian-clang 0.1.1 68.59 91.98 160.57 NOTE
r-devel-linux-x86_64-debian-gcc 0.1.1 57.59 77.54 135.13 NOTE
r-devel-linux-x86_64-fedora-clang 0.1.1 220.58 NOTE
r-devel-linux-x86_64-fedora-gcc 0.1.1 237.66 NOTE
r-prerel-macos-arm64 0.1.1 66.00 NOTE
r-prerel-windows-x86_64 0.1.1 57.00 115.00 172.00 NOTE
r-patched-linux-x86_64 0.1.1 73.86 97.42 171.28 NOTE
r-release-linux-x86_64 0.1.1 69.02 97.61 166.63 NOTE
r-release-macos-arm64 0.1.1 72.00 NOTE
r-release-macos-x86_64 0.1.1 123.00 NOTE
r-release-windows-x86_64 0.1.1 71.00 134.00 205.00 NOTE
r-oldrel-macos-arm64 0.1.1 62.00 NOTE
r-oldrel-windows-x86_64 0.1.1 65.00 127.00 192.00 NOTE

Check Details

Version: 0.1.1
Check: C++ specification
Result: NOTE Specified C++11: please drop specification unless essential Flavors: r-devel-linux-x86_64-debian-clang, r-devel-linux-x86_64-debian-gcc, r-devel-linux-x86_64-fedora-clang, r-devel-linux-x86_64-fedora-gcc, r-prerel-macos-arm64, r-prerel-windows-x86_64, r-patched-linux-x86_64, r-release-linux-x86_64, r-release-macos-arm64, r-release-macos-x86_64, r-release-windows-x86_64

Version: 0.1.1
Check: installed package size
Result: NOTE installed size is 18.2Mb sub-directories of 1Mb or more: examples 2.7Mb libs 14.2Mb Flavors: r-prerel-macos-arm64, r-prerel-windows-x86_64, r-release-macos-arm64, r-release-macos-x86_64, r-release-windows-x86_64, r-oldrel-macos-arm64, r-oldrel-windows-x86_64