CRAN Package Check Results for Package margaret

Last updated on 2024-04-18 03:52:00 CEST.

Flavor Version Tinstall Tcheck Ttotal Status Flags
r-devel-linux-x86_64-debian-clang 0.1.4 51.03 162.61 213.64 OK
r-devel-linux-x86_64-debian-gcc 0.1.4 41.50 118.06 159.56 OK
r-devel-linux-x86_64-fedora-clang 0.1.4 269.03 NOTE
r-devel-linux-x86_64-fedora-gcc 0.1.4 271.41 NOTE
r-prerel-macos-arm64 0.1.4 81.00 OK
r-prerel-windows-x86_64 0.1.4 44.00 117.00 161.00 OK
r-patched-linux-x86_64 0.1.4 31.19 155.22 186.41 OK
r-release-linux-x86_64 0.1.4 37.24 154.19 191.43 OK
r-release-macos-arm64 0.1.4 86.00 OK
r-release-macos-x86_64 0.1.4 112.00 OK
r-release-windows-x86_64 0.1.4 58.00 152.00 210.00 OK
r-oldrel-macos-arm64 0.1.4 84.00 NOTE
r-oldrel-windows-x86_64 0.1.4 59.00 160.00 219.00 OK

Check Details

Version: 0.1.4
Check: data for non-ASCII characters
Result: NOTE Note: found 5210 marked UTF-8 strings Flavors: r-devel-linux-x86_64-fedora-clang, r-devel-linux-x86_64-fedora-gcc, r-oldrel-macos-arm64