Last updated on 2023-01-29 18:53:13 CET.
Flavor | Version | Tinstall | Tcheck | Ttotal | Status | Flags |
---|---|---|---|---|---|---|
r-devel-linux-x86_64-debian-clang | 0.1.4 | 3.19 | 43.89 | 47.08 | NOTE | |
r-devel-linux-x86_64-debian-gcc | 0.1.4 | 2.68 | 32.44 | 35.12 | NOTE | |
r-devel-linux-x86_64-fedora-clang | 0.1.4 | 57.96 | NOTE | |||
r-devel-linux-x86_64-fedora-gcc | 0.1.4 | 56.11 | NOTE | |||
r-devel-windows-x86_64 | 0.1.4 | 11.00 | 78.00 | 89.00 | NOTE | |
r-patched-linux-x86_64 | 0.1.4 | 8.34 | 41.37 | 49.71 | OK | |
r-release-linux-x86_64 | 0.1.4 | 2.32 | 42.78 | 45.10 | OK | |
r-release-macos-arm64 | 0.1.4 | 23.00 | OK | |||
r-release-macos-x86_64 | 0.1.4 | 30.00 | OK | |||
r-release-windows-x86_64 | 0.1.4 | 10.00 | 72.00 | 82.00 | OK | |
r-oldrel-macos-arm64 | 0.1.4 | 23.00 | OK | |||
r-oldrel-macos-x86_64 | 0.1.4 | 31.00 | OK | |||
r-oldrel-windows-ix86+x86_64 | 0.1.4 | 12.00 | 69.00 | 81.00 | OK |
Version: 0.1.4
Check: package subdirectories
Result: NOTE
Problems with news in ‘NEWS.md’:
No news entries found.
Flavors: r-devel-linux-x86_64-debian-clang, r-devel-linux-x86_64-debian-gcc, r-devel-linux-x86_64-fedora-clang, r-devel-linux-x86_64-fedora-gcc, r-devel-windows-x86_64