CRAN Package Check Results for Package mMARCH.AC

Last updated on 2025-01-25 02:50:59 CET.

Flavor Version Tinstall Tcheck Ttotal Status Flags
r-devel-linux-x86_64-debian-clang 2.9.4.0 24.54 179.14 203.68 OK
r-devel-linux-x86_64-debian-gcc 2.9.4.0 19.73 130.13 149.86 OK
r-devel-linux-x86_64-fedora-clang 2.9.4.0 320.70 NOTE
r-devel-linux-x86_64-fedora-gcc 2.9.4.0 318.44 NOTE
r-devel-windows-x86_64 2.9.4.0 24.00 161.00 185.00 OK
r-patched-linux-x86_64 2.9.4.0 24.05 168.35 192.40 OK
r-release-linux-x86_64 2.9.4.0 22.76 164.53 187.29 OK
r-release-macos-arm64 2.9.4.0 97.00 OK
r-release-macos-x86_64 2.9.4.0 215.00 OK
r-release-windows-x86_64 2.9.4.0 24.00 154.00 178.00 OK
r-oldrel-macos-arm64 2.9.4.0 168.00 OK
r-oldrel-macos-x86_64 2.9.4.0 195.00 OK
r-oldrel-windows-x86_64 2.9.4.0 31.00 188.00 219.00 OK

Check Details

Version: 2.9.4.0
Check: dependencies in R code
Result: NOTE Namespaces in Imports field not imported from: ‘ActCR’ ‘ActFrag’ ‘tidyr’ All declared Imports should be used. Flavors: r-devel-linux-x86_64-fedora-clang, r-devel-linux-x86_64-fedora-gcc