CRAN Package Check Results for Package lue

Last updated on 2024-07-15 02:48:16 CEST.

Flavor Version Tinstall Tcheck Ttotal Status Flags
r-devel-linux-x86_64-debian-clang 0.2.1 2.46 47.55 50.01 OK
r-devel-linux-x86_64-debian-gcc 0.2.1 1.68 34.03 35.71 OK
r-devel-linux-x86_64-fedora-clang 0.2.1 60.90 NOTE
r-devel-linux-x86_64-fedora-gcc 0.2.1 55.69 NOTE
r-devel-windows-x86_64 0.2.1 3.00 56.00 59.00 OK
r-patched-linux-x86_64 0.2.1 2.45 44.55 47.00 OK
r-release-linux-x86_64 0.2.1 1.87 43.12 44.99 OK
r-release-macos-arm64 0.2.1 21.00 OK
r-release-macos-x86_64 0.2.1 31.00 OK
r-release-windows-x86_64 0.2.1 3.00 54.00 57.00 OK
r-oldrel-macos-arm64 0.2.1 22.00 OK
r-oldrel-macos-x86_64 0.2.1 32.00 OK
r-oldrel-windows-x86_64 0.2.1 3.00 62.00 65.00 OK

Check Details

Version: 0.2.1
Check: dependencies in R code
Result: NOTE Namespaces in Imports field not imported from: ‘ncdf4’ ‘raster’ All declared Imports should be used. Flavors: r-devel-linux-x86_64-fedora-clang, r-devel-linux-x86_64-fedora-gcc