CRAN Package Check Results for Package lslx

Last updated on 2022-12-09 11:00:41 CET.

Flavor Version Tinstall Tcheck Ttotal Status Flags
r-devel-linux-x86_64-debian-clang 0.6.11 166.30 111.59 277.89 OK
r-devel-linux-x86_64-debian-gcc 0.6.11 144.26 89.10 233.36 OK
r-devel-linux-x86_64-fedora-clang 0.6.11 396.67 OK
r-devel-linux-x86_64-fedora-gcc 0.6.11 420.08 OK
r-devel-windows-x86_64 0.6.11 115.00 181.00 296.00 OK
r-patched-linux-x86_64 0.6.11 151.43 104.97 256.40 OK
r-release-linux-x86_64 0.6.11 157.29 95.09 252.38 OK
r-release-macos-arm64 0.6.11 99.00 NOTE
r-release-macos-x86_64 0.6.11 131.00 NOTE
r-release-windows-x86_64 0.6.11 119.00 163.00 282.00 OK
r-oldrel-macos-arm64 0.6.11 91.00 NOTE
r-oldrel-macos-x86_64 0.6.11 144.00 NOTE
r-oldrel-windows-ix86+x86_64 0.6.11 352.00 174.00 526.00 NOTE

Check Details

Version: 0.6.11
Check: installed package size
Result: NOTE
     installed size is 50.0Mb
     sub-directories of 1Mb or more:
     doc 1.6Mb
     libs 47.8Mb
Flavors: r-release-macos-arm64, r-release-macos-x86_64, r-oldrel-macos-arm64, r-oldrel-macos-x86_64, r-oldrel-windows-ix86+x86_64