Last updated on 2023-01-29 18:53:13 CET.
Flavor | Version | Tinstall | Tcheck | Ttotal | Status | Flags |
---|---|---|---|---|---|---|
r-devel-linux-x86_64-debian-clang | 1.1.0 | 620.91 | 247.72 | 868.63 | OK | |
r-devel-linux-x86_64-debian-gcc | 1.1.0 | 535.99 | 183.39 | 719.38 | OK | |
r-devel-linux-x86_64-fedora-clang | 1.1.0 | 1352.79 | OK | |||
r-devel-linux-x86_64-fedora-gcc | 1.1.0 | 1195.76 | OK | |||
r-devel-windows-x86_64 | 1.1.0 | 515.00 | 321.00 | 836.00 | OK | |
r-patched-linux-x86_64 | 1.1.0 | 555.00 | 231.73 | 786.73 | OK | |
r-release-linux-x86_64 | 1.1.0 | 561.82 | 234.17 | 795.99 | OK | |
r-release-macos-arm64 | 1.1.0 | 233.00 | NOTE | |||
r-release-macos-x86_64 | 1.1.0 | 314.00 | NOTE | |||
r-release-windows-x86_64 | 1.1.0 | 520.00 | 293.00 | 813.00 | OK | |
r-oldrel-macos-arm64 | 1.1.0 | 269.00 | NOTE | |||
r-oldrel-macos-x86_64 | 1.1.0 | 312.00 | NOTE | |||
r-oldrel-windows-ix86+x86_64 | 1.1.0 | 1580.00 | 515.00 | 2095.00 | NOTE |
Version: 1.1.0
Check: installed package size
Result: NOTE
installed size is 17.8Mb
sub-directories of 1Mb or more:
libs 17.2Mb
Flavors: r-release-macos-arm64, r-release-macos-x86_64, r-oldrel-macos-arm64, r-oldrel-macos-x86_64, r-oldrel-windows-ix86+x86_64