Last updated on 2023-12-10 04:00:00 CET.
Flavor | Version | Tinstall | Tcheck | Ttotal | Status | Flags |
---|---|---|---|---|---|---|
r-devel-linux-x86_64-debian-clang | 2.2.2 | 9.39 | 333.97 | 343.36 | NOTE | |
r-devel-linux-x86_64-debian-gcc | 2.2.2 | 7.33 | 290.61 | 297.94 | NOTE | |
r-devel-linux-x86_64-fedora-clang | 2.2.2 | 440.91 | OK | |||
r-devel-linux-x86_64-fedora-gcc | 2.2.2 | 505.28 | OK | |||
r-devel-windows-x86_64 | 2.2.2 | 8.00 | 370.00 | 378.00 | OK | |
r-patched-linux-x86_64 | 2.2.2 | 8.09 | 378.73 | 386.82 | OK | |
r-release-linux-x86_64 | 2.2.2 | 8.21 | 376.12 | 384.33 | OK | |
r-release-macos-arm64 | 2.2.2 | 170.00 | OK | |||
r-release-macos-x86_64 | 2.2.2 | 345.00 | OK | |||
r-release-windows-x86_64 | 2.2.2 | 11.00 | 410.00 | 421.00 | OK | |
r-oldrel-macos-arm64 | 2.2.2 | 159.00 | OK | |||
r-oldrel-macos-x86_64 | 2.2.2 | 197.00 | OK | |||
r-oldrel-windows-x86_64 | 2.2.2 | 11.00 | 420.00 | 431.00 | OK |
Version: 2.2.2
Check: Rd files
Result: NOTE
checkRd: (-1) qut.Rd:16: Lost braces; missing escapes or markup?
16 | \item{q}{A number between \code{0} and \code{1}. The quantile of the distribution of $lambda_{QUT}$ to take.}
| ^
checkRd: (-1) qut.Rd:25: Lost braces; missing escapes or markup?
25 | the value of $lambda_{QUT}$ to use in LoRI.
| ^
Flavors: r-devel-linux-x86_64-debian-clang, r-devel-linux-x86_64-debian-gcc