CRAN Package Check Results for Package log

Last updated on 2025-01-23 18:50:29 CET.

Flavor Version Tinstall Tcheck Ttotal Status Flags
r-devel-linux-x86_64-debian-clang 1.1.1 3.65 22.57 26.22 OK
r-devel-linux-x86_64-debian-gcc 1.1.1 2.35 18.35 20.70 NOTE
r-devel-linux-x86_64-fedora-clang 1.1.1 42.19 NOTE
r-devel-linux-x86_64-fedora-gcc 1.1.1 39.55 NOTE
r-devel-windows-x86_64 1.1.1 4.00 46.00 50.00 OK
r-patched-linux-x86_64 1.1.1 3.07 21.60 24.67 OK
r-release-linux-x86_64 1.1.1 3.04 21.57 24.61 OK
r-release-macos-arm64 1.1.1 17.00 OK
r-release-macos-x86_64 1.1.1 25.00 OK
r-release-windows-x86_64 1.1.1 4.00 45.00 49.00 OK
r-oldrel-macos-arm64 1.1.1 19.00 OK
r-oldrel-macos-x86_64 1.1.1 24.00 OK
r-oldrel-windows-x86_64 1.1.1 6.00 47.00 53.00 OK

Check Details

Version: 1.1.1
Check: DESCRIPTION meta-information
Result: NOTE Missing dependency on R >= 4.1.0 because package code uses the pipe |> or function shorthand \(...) syntax added in R 4.1.0. File(s) using such syntax: ‘logger.R’ Flavor: r-devel-linux-x86_64-debian-gcc

Version: 1.1.1
Check: dependencies in R code
Result: NOTE Namespace in Imports field not imported from: ‘R6’ All declared Imports should be used. Flavors: r-devel-linux-x86_64-fedora-clang, r-devel-linux-x86_64-fedora-gcc