Last updated on 2025-01-19 02:50:10 CET.
Flavor | Version | Tinstall | Tcheck | Ttotal | Status | Flags |
---|---|---|---|---|---|---|
r-devel-linux-x86_64-debian-clang | 1.2.0 | 4.42 | 34.22 | 38.64 | OK | |
r-devel-linux-x86_64-debian-gcc | 1.2.0 | 3.11 | 26.85 | 29.96 | OK | |
r-devel-linux-x86_64-fedora-clang | 1.2.0 | 61.75 | OK | |||
r-devel-linux-x86_64-fedora-gcc | 1.2.0 | 59.73 | OK | |||
r-devel-windows-x86_64 | 1.2.0 | 7.00 | 60.00 | 67.00 | OK | |
r-patched-linux-x86_64 | 1.2.0 | 4.25 | 32.49 | 36.74 | NOTE | |
r-release-linux-x86_64 | 1.2.0 | 3.76 | 32.58 | 36.34 | NOTE | |
r-release-macos-arm64 | 1.2.0 | 22.00 | NOTE | |||
r-release-macos-x86_64 | 1.2.0 | 33.00 | NOTE | |||
r-release-windows-x86_64 | 1.2.0 | 7.00 | 55.00 | 62.00 | NOTE | |
r-oldrel-macos-arm64 | 1.2.0 | 24.00 | NOTE | |||
r-oldrel-macos-x86_64 | 1.2.0 | 32.00 | NOTE | |||
r-oldrel-windows-x86_64 | 1.2.0 | 7.00 | 60.00 | 67.00 | NOTE |
Version: 1.2.0
Check: LazyData
Result: NOTE
'LazyData' is specified without a 'data' directory
Flavors: r-patched-linux-x86_64, r-release-linux-x86_64, r-release-macos-arm64, r-release-macos-x86_64, r-release-windows-x86_64, r-oldrel-macos-arm64, r-oldrel-macos-x86_64, r-oldrel-windows-x86_64