Last updated on 2023-01-29 13:51:27 CET.
Flavor | Version | Tinstall | Tcheck | Ttotal | Status | Flags |
---|---|---|---|---|---|---|
r-devel-linux-x86_64-debian-clang | 0.1.2 | 3.79 | 109.82 | 113.61 | OK | |
r-devel-linux-x86_64-debian-gcc | 0.1.2 | 3.92 | 81.10 | 85.02 | OK | |
r-devel-linux-x86_64-fedora-clang | 0.1.2 | 139.18 | NOTE | |||
r-devel-linux-x86_64-fedora-gcc | 0.1.2 | 147.08 | NOTE | |||
r-devel-windows-x86_64 | 0.1.2 | 29.00 | 156.00 | 185.00 | OK | |
r-patched-linux-x86_64 | 0.1.2 | 5.14 | 102.93 | 108.07 | OK | |
r-release-linux-x86_64 | 0.1.2 | 4.14 | 96.91 | 101.05 | OK | |
r-release-macos-arm64 | 0.1.2 | 45.00 | NOTE | |||
r-release-macos-x86_64 | 0.1.2 | 69.00 | NOTE | |||
r-release-windows-x86_64 | 0.1.2 | 29.00 | 147.00 | 176.00 | OK | |
r-oldrel-macos-arm64 | 0.1.2 | 57.00 | NOTE | |||
r-oldrel-macos-x86_64 | 0.1.2 | 78.00 | NOTE | |||
r-oldrel-windows-ix86+x86_64 | 0.1.2 | 13.00 | 143.00 | 156.00 | OK |
Version: 0.1.2
Check: dependencies in R code
Result: NOTE
Namespaces in Imports field not imported from:
‘data.table’ ‘utf8’
All declared Imports should be used.
Flavors: r-devel-linux-x86_64-fedora-clang, r-devel-linux-x86_64-fedora-gcc, r-release-macos-arm64, r-release-macos-x86_64, r-oldrel-macos-arm64, r-oldrel-macos-x86_64