Last updated on 2025-01-24 18:49:45 CET.
Flavor | Version | Tinstall | Tcheck | Ttotal | Status | Flags |
---|---|---|---|---|---|---|
r-devel-linux-x86_64-debian-clang | 1.2 | 14.86 | 122.03 | 136.89 | OK | |
r-devel-linux-x86_64-debian-gcc | 1.2 | 13.44 | 92.14 | 105.58 | OK | |
r-devel-linux-x86_64-fedora-clang | 1.2 | 225.92 | OK | |||
r-devel-linux-x86_64-fedora-gcc | 1.2 | 209.05 | OK | |||
r-devel-windows-x86_64 | 1.2 | 18.00 | 122.00 | 140.00 | OK | |
r-patched-linux-x86_64 | 1.2 | 16.74 | 116.11 | 132.85 | NOTE | |
r-release-linux-x86_64 | 1.2 | 13.91 | 114.04 | 127.95 | NOTE | |
r-release-macos-arm64 | 1.2 | 61.00 | NOTE | |||
r-release-macos-x86_64 | 1.2 | 87.00 | NOTE | |||
r-release-windows-x86_64 | 1.2 | 17.00 | 119.00 | 136.00 | NOTE | |
r-oldrel-macos-arm64 | 1.2 | 67.00 | NOTE | |||
r-oldrel-macos-x86_64 | 1.2 | 109.00 | NOTE | |||
r-oldrel-windows-x86_64 | 1.2 | 23.00 | 146.00 | 169.00 | NOTE |
Version: 1.2
Check: LazyData
Result: NOTE
'LazyData' is specified without a 'data' directory
Flavors: r-patched-linux-x86_64, r-release-linux-x86_64, r-release-macos-arm64, r-release-macos-x86_64, r-release-windows-x86_64, r-oldrel-macos-arm64, r-oldrel-macos-x86_64, r-oldrel-windows-x86_64