Last updated on 2023-02-05 11:10:38 CET.
Flavor | Version | Tinstall | Tcheck | Ttotal | Status | Flags |
---|---|---|---|---|---|---|
r-devel-linux-x86_64-debian-clang | 1.2 | 19.92 | 164.45 | 184.37 | NOTE | |
r-devel-linux-x86_64-debian-gcc | 1.2 | 15.39 | 120.13 | 135.52 | NOTE | |
r-devel-linux-x86_64-fedora-clang | 1.2 | 233.58 | NOTE | |||
r-devel-linux-x86_64-fedora-gcc | 1.2 | 215.23 | NOTE | |||
r-devel-windows-x86_64 | 1.2 | 25.00 | 176.00 | 201.00 | NOTE | |
r-patched-linux-x86_64 | 1.2 | 17.13 | 149.99 | 167.12 | NOTE | |
r-release-linux-x86_64 | 1.2 | 17.32 | 151.16 | 168.48 | NOTE | |
r-release-macos-arm64 | 1.2 | 60.00 | NOTE | |||
r-release-macos-x86_64 | 1.2 | 107.00 | NOTE | |||
r-release-windows-x86_64 | 1.2 | 27.00 | 193.00 | 220.00 | NOTE | |
r-oldrel-macos-arm64 | 1.2 | 69.00 | NOTE | |||
r-oldrel-macos-x86_64 | 1.2 | 123.00 | NOTE | |||
r-oldrel-windows-ix86+x86_64 | 1.2 | 45.00 | 178.00 | 223.00 | NOTE |
Version: 1.2
Check: LazyData
Result: NOTE
'LazyData' is specified without a 'data' directory
Flavors: r-devel-linux-x86_64-debian-clang, r-devel-linux-x86_64-debian-gcc, r-devel-linux-x86_64-fedora-clang, r-devel-linux-x86_64-fedora-gcc, r-devel-windows-x86_64, r-patched-linux-x86_64, r-release-linux-x86_64, r-release-macos-arm64, r-release-macos-x86_64, r-release-windows-x86_64, r-oldrel-macos-arm64, r-oldrel-macos-x86_64, r-oldrel-windows-ix86+x86_64