CRAN Package Check Results for Package latentcor

Last updated on 2024-04-18 10:49:52 CEST.

Flavor Version Tinstall Tcheck Ttotal Status Flags
r-devel-linux-x86_64-debian-clang 2.0.1 31.61 196.34 227.95 NOTE
r-devel-linux-x86_64-debian-gcc 2.0.1 26.87 146.44 173.31 NOTE
r-devel-linux-x86_64-fedora-clang 2.0.1 307.41 NOTE
r-devel-linux-x86_64-fedora-gcc 2.0.1 307.40 NOTE
r-prerel-macos-arm64 2.0.1 93.00 NOTE
r-prerel-windows-x86_64 2.0.1 30.00 154.00 184.00 NOTE
r-patched-linux-x86_64 2.0.1 30.51 186.21 216.72 NOTE
r-release-linux-x86_64 2.0.1 26.67 188.30 214.97 OK
r-release-macos-arm64 2.0.1 102.00 OK
r-release-macos-x86_64 2.0.1 158.00 OK
r-release-windows-x86_64 2.0.1 39.00 196.00 235.00 OK
r-oldrel-macos-arm64 2.0.1 79.00 OK
r-oldrel-windows-x86_64 2.0.1 42.00 191.00 233.00 OK

Check Details

Version: 2.0.1
Check: Rd files
Result: NOTE checkRd: (-1) evaluation.Rd:38: Lost braces in \itemize; \value handles \item{}{} directly checkRd: (-1) evaluation.Rd:39: Lost braces in \itemize; \value handles \item{}{} directly checkRd: (-1) evaluation.Rd:40: Lost braces in \itemize; \value handles \item{}{} directly checkRd: (-1) evaluation.Rd:41: Lost braces in \itemize; \value handles \item{}{} directly checkRd: (-1) evaluation.Rd:42: Lost braces in \itemize; \value handles \item{}{} directly checkRd: (-1) evaluation.Rd:43: Lost braces in \itemize; \value handles \item{}{} directly checkRd: (-1) evaluation.Rd:44: Lost braces in \itemize; \value handles \item{}{} directly checkRd: (-1) evaluation.Rd:45: Lost braces in \itemize; \value handles \item{}{} directly checkRd: (-1) evaluation.Rd:46: Lost braces in \itemize; \value handles \item{}{} directly checkRd: (-1) evaluation.Rd:47: Lost braces in \itemize; \value handles \item{}{} directly checkRd: (-1) evaluation.Rd:48: Lost braces in \itemize; \value handles \item{}{} directly checkRd: (-1) evaluation.Rd:49: Lost braces in \itemize; \value handles \item{}{} directly checkRd: (-1) evaluation.Rd:50: Lost braces in \itemize; \value handles \item{}{} directly checkRd: (-1) evaluation.Rd:51: Lost braces in \itemize; \value handles \item{}{} directly checkRd: (-1) evaluation.Rd:52: Lost braces in \itemize; \value handles \item{}{} directly checkRd: (-1) evaluation.Rd:53: Lost braces in \itemize; \value handles \item{}{} directly checkRd: (-1) evaluation.Rd:54: Lost braces in \itemize; \value handles \item{}{} directly checkRd: (-1) evaluation.Rd:55: Lost braces in \itemize; \value handles \item{}{} directly checkRd: (-1) evaluation.Rd:56: Lost braces in \itemize; \value handles \item{}{} directly checkRd: (-1) evaluation.Rd:57: Lost braces in \itemize; \value handles \item{}{} directly checkRd: (-1) evaluation.Rd:58: Lost braces in \itemize; \value handles \item{}{} directly checkRd: (-1) evaluation.Rd:59: Lost braces in \itemize; \value handles \item{}{} directly checkRd: (-1) gen_data.Rd:35: Lost braces in \itemize; \value handles \item{}{} directly checkRd: (-1) gen_data.Rd:36-37: Lost braces in \itemize; \value handles \item{}{} directly checkRd: (-1) get_types.Rd:17: Lost braces in \itemize; \value handles \item{}{} directly checkRd: (-1) interpolation.Rd:23: Lost braces in \itemize; \value handles \item{}{} directly checkRd: (-1) interpolation.Rd:24: Lost braces in \itemize; \value handles \item{}{} directly checkRd: (-1) latentcor.Rd:38: Lost braces in \itemize; \value handles \item{}{} directly checkRd: (-1) latentcor.Rd:39: Lost braces in \itemize; \value handles \item{}{} directly checkRd: (-1) latentcor.Rd:40: Lost braces in \itemize; \value handles \item{}{} directly checkRd: (-1) latentcor.Rd:41: Lost braces in \itemize; \value handles \item{}{} directly checkRd: (-1) latentcor.Rd:42: Lost braces in \itemize; \value handles \item{}{} directly Flavors: r-devel-linux-x86_64-debian-clang, r-devel-linux-x86_64-debian-gcc, r-devel-linux-x86_64-fedora-clang, r-devel-linux-x86_64-fedora-gcc, r-prerel-macos-arm64, r-prerel-windows-x86_64, r-patched-linux-x86_64