Last updated on 2025-01-22 03:49:55 CET.
Flavor | Version | Tinstall | Tcheck | Ttotal | Status | Flags |
---|---|---|---|---|---|---|
r-devel-linux-x86_64-debian-clang | 2.2 | 93.88 | 245.93 | 339.81 | OK | |
r-devel-linux-x86_64-debian-gcc | 2.2 | 64.18 | 160.65 | 224.83 | OK | |
r-devel-linux-x86_64-fedora-clang | 2.2 | 593.33 | OK | |||
r-devel-linux-x86_64-fedora-gcc | 2.2 | 575.56 | OK | |||
r-devel-windows-x86_64 | 2.2 | 97.00 | 288.00 | 385.00 | OK | |
r-patched-linux-x86_64 | 2.2 | 89.61 | 222.39 | 312.00 | OK | |
r-release-linux-x86_64 | 2.2 | 91.74 | 222.08 | 313.82 | OK | |
r-release-macos-arm64 | 2.2 | 172.00 | NOTE | |||
r-release-macos-x86_64 | 2.2 | 306.00 | NOTE | |||
r-release-windows-x86_64 | 2.2 | 95.00 | 289.00 | 384.00 | OK | |
r-oldrel-macos-arm64 | 2.2 | 147.00 | NOTE | |||
r-oldrel-macos-x86_64 | 2.2 | 281.00 | NOTE | |||
r-oldrel-windows-x86_64 | 2.2 | 105.00 | 354.00 | 459.00 | OK |
Version: 2.2
Check: installed package size
Result: NOTE
installed size is 5.5Mb
sub-directories of 1Mb or more:
libs 3.8Mb
Flavors: r-release-macos-arm64, r-release-macos-x86_64, r-oldrel-macos-arm64, r-oldrel-macos-x86_64