Last updated on 2023-01-31 03:00:47 CET.
Flavor | Version | Tinstall | Tcheck | Ttotal | Status | Flags |
---|---|---|---|---|---|---|
r-devel-linux-x86_64-debian-clang | 1.5.5 | 169.89 | 603.11 | 773.00 | OK | |
r-devel-linux-x86_64-debian-gcc | 1.5.5 | 134.54 | 455.82 | 590.36 | NOTE | |
r-devel-linux-x86_64-fedora-clang | 1.5.5 | 989.14 | NOTE | |||
r-devel-linux-x86_64-fedora-gcc | 1.5.5 | 1030.24 | NOTE | |||
r-devel-windows-x86_64 | 1.5.5 | 712.00 | 765.00 | 1477.00 | NOTE | |
r-patched-linux-x86_64 | 1.5.5 | 150.20 | 572.44 | 722.64 | OK | |
r-release-linux-x86_64 | 1.5.5 | 142.90 | 568.32 | 711.22 | OK | |
r-release-macos-arm64 | 1.5.5 | 266.00 | NOTE | |||
r-release-macos-x86_64 | 1.5.5 | 288.00 | NOTE | |||
r-release-windows-x86_64 | 1.5.5 | 291.00 | 698.00 | 989.00 | OK | |
r-oldrel-macos-arm64 | 1.5.5 | 244.00 | NOTE | |||
r-oldrel-macos-x86_64 | 1.5.5 | 281.00 | NOTE | |||
r-oldrel-windows-ix86+x86_64 | 1.5.5 | 404.00 | 1056.00 | 1460.00 | OK |
Version: 1.5.5
Check: C++ specification
Result: NOTE
Specified C++11: please update to current default of C++17
Flavors: r-devel-linux-x86_64-debian-gcc, r-devel-linux-x86_64-fedora-clang, r-devel-linux-x86_64-fedora-gcc, r-devel-windows-x86_64
Version: 1.5.5
Check: installed package size
Result: NOTE
installed size is 5.5Mb
sub-directories of 1Mb or more:
libs 3.8Mb
Flavors: r-release-macos-arm64, r-release-macos-x86_64, r-oldrel-macos-arm64, r-oldrel-macos-x86_64