CRAN Package Check Results for Package lakhesis

Last updated on 2025-01-23 18:50:28 CET.

Flavor Version Tinstall Tcheck Ttotal Status Flags
r-devel-linux-x86_64-debian-clang 0.0.1 2.54 34.34 36.88 OK
r-devel-linux-x86_64-debian-gcc 0.0.1 2.15 26.23 28.38 OK
r-devel-linux-x86_64-fedora-clang 0.0.1 60.53 NOTE
r-devel-linux-x86_64-fedora-gcc 0.0.1 56.78 NOTE
r-devel-windows-x86_64 0.0.1 6.00 58.00 64.00 OK
r-patched-linux-x86_64 0.0.1 2.97 32.99 35.96 OK
r-release-linux-x86_64 0.0.1 2.69 31.94 34.63 OK
r-release-macos-arm64 0.0.1 22.00 OK
r-release-macos-x86_64 0.0.1 54.00 OK
r-release-windows-x86_64 0.0.1 5.00 58.00 63.00 OK
r-oldrel-macos-arm64 0.0.1 26.00 OK
r-oldrel-macos-x86_64 0.0.1 43.00 OK
r-oldrel-windows-x86_64 0.0.1 5.00 62.00 67.00 OK

Check Details

Version: 0.0.1
Check: dependencies in R code
Result: NOTE Namespaces in Imports field not imported from: ‘bslib’ ‘ggplot2’ ‘shinydashboard’ All declared Imports should be used. Flavors: r-devel-linux-x86_64-fedora-clang, r-devel-linux-x86_64-fedora-gcc