CRAN Package Check Results for Package knitrdata

Last updated on 2025-01-25 10:49:12 CET.

Flavor Version Tinstall Tcheck Ttotal Status Flags
r-devel-linux-x86_64-debian-clang 0.6.1 2.67 42.87 45.54 OK
r-devel-linux-x86_64-debian-gcc 0.6.1 2.01 34.53 36.54 OK
r-devel-linux-x86_64-fedora-clang 0.6.1 75.15 NOTE
r-devel-linux-x86_64-fedora-gcc 0.6.1 84.15 NOTE
r-devel-windows-x86_64 0.6.1 3.00 72.00 75.00 OK
r-patched-linux-x86_64 0.6.1 2.70 41.71 44.41 NOTE
r-release-linux-x86_64 0.6.1 2.01 41.26 43.27 NOTE
r-release-macos-arm64 0.6.1 37.00 NOTE
r-release-macos-x86_64 0.6.1 79.00 NOTE
r-release-windows-x86_64 0.6.1 4.00 71.00 75.00 NOTE
r-oldrel-macos-arm64 0.6.1 36.00 NOTE
r-oldrel-macos-x86_64 0.6.1 51.00 NOTE
r-oldrel-windows-x86_64 0.6.1 4.00 73.00 77.00 NOTE

Check Details

Version: 0.6.1
Check: dependencies in R code
Result: NOTE Namespace in Imports field not imported from: ‘methods’ All declared Imports should be used. Flavors: r-devel-linux-x86_64-fedora-clang, r-devel-linux-x86_64-fedora-gcc

Version: 0.6.1
Check: LazyData
Result: NOTE 'LazyData' is specified without a 'data' directory Flavors: r-patched-linux-x86_64, r-release-linux-x86_64, r-release-macos-arm64, r-release-macos-x86_64, r-release-windows-x86_64, r-oldrel-macos-arm64, r-oldrel-macos-x86_64, r-oldrel-windows-x86_64