CRAN Package Check Results for Package joinXL

Last updated on 2024-04-15 18:57:06 CEST.

Flavor Version Tinstall Tcheck Ttotal Status Flags
r-devel-linux-x86_64-debian-clang 1.0.1 6.29 77.99 84.28 NOTE
r-devel-linux-x86_64-debian-gcc 1.0.1 6.10 57.01 63.11 NOTE
r-devel-linux-x86_64-fedora-clang 1.0.1 108.00 NOTE
r-devel-linux-x86_64-fedora-gcc 1.0.1 112.84 NOTE
r-prerel-macos-arm64 1.0.1 37.00 NOTE
r-prerel-windows-x86_64 1.0.1 8.00 69.00 77.00 NOTE
r-patched-linux-x86_64 1.0.1 7.03 72.92 79.95 NOTE
r-release-linux-x86_64 1.0.1 7.72 71.11 78.83 NOTE
r-release-macos-arm64 1.0.1 34.00 NOTE
r-release-macos-x86_64 1.0.1 61.00 NOTE
r-release-windows-x86_64 1.0.1 11.00 79.00 90.00 NOTE
r-oldrel-macos-arm64 1.0.1 30.00 NOTE
r-oldrel-windows-x86_64 1.0.1 10.00 83.00 93.00 NOTE

Check Details

Version: 1.0.1
Check: LazyData
Result: NOTE 'LazyData' is specified without a 'data' directory Flavors: r-devel-linux-x86_64-debian-clang, r-devel-linux-x86_64-debian-gcc, r-devel-linux-x86_64-fedora-clang, r-devel-linux-x86_64-fedora-gcc, r-prerel-macos-arm64, r-prerel-windows-x86_64, r-patched-linux-x86_64, r-release-linux-x86_64, r-release-macos-arm64, r-release-macos-x86_64, r-release-windows-x86_64, r-oldrel-macos-arm64, r-oldrel-windows-x86_64