CRAN Package Check Results for Package ionr

Last updated on 2023-02-05 11:10:38 CET.

Flavor Version Tinstall Tcheck Ttotal Status Flags
r-devel-linux-x86_64-debian-clang 0.3.0 2.89 37.01 39.90 NOTE
r-devel-linux-x86_64-debian-gcc 0.3.0 2.42 28.60 31.02 NOTE
r-devel-linux-x86_64-fedora-clang 0.3.0 50.04 NOTE
r-devel-linux-x86_64-fedora-gcc 0.3.0 50.06 NOTE
r-devel-windows-x86_64 0.3.0 12.00 73.00 85.00 NOTE
r-patched-linux-x86_64 0.3.0 3.06 36.77 39.83 NOTE
r-release-linux-x86_64 0.3.0 2.03 36.96 38.99 NOTE
r-release-macos-arm64 0.3.0 19.00 NOTE
r-release-macos-x86_64 0.3.0 26.00 NOTE
r-release-windows-x86_64 0.3.0 11.00 68.00 79.00 NOTE
r-oldrel-macos-arm64 0.3.0 26.00 NOTE
r-oldrel-macos-x86_64 0.3.0 34.00 NOTE
r-oldrel-windows-ix86+x86_64 0.3.0 6.00 62.00 68.00 NOTE

Check Details

Version: 0.3.0
Check: LazyData
Result: NOTE
     'LazyData' is specified without a 'data' directory
Flavors: r-devel-linux-x86_64-debian-clang, r-devel-linux-x86_64-debian-gcc, r-devel-linux-x86_64-fedora-clang, r-devel-linux-x86_64-fedora-gcc, r-devel-windows-x86_64, r-patched-linux-x86_64, r-release-linux-x86_64, r-release-macos-arm64, r-release-macos-x86_64, r-release-windows-x86_64, r-oldrel-macos-arm64, r-oldrel-macos-x86_64, r-oldrel-windows-ix86+x86_64