Last updated on 2023-01-30 18:50:47 CET.
Flavor | Version | Tinstall | Tcheck | Ttotal | Status | Flags |
---|---|---|---|---|---|---|
r-devel-linux-x86_64-debian-clang | 1.1.5 | 10.17 | 286.36 | 296.53 | OK | |
r-devel-linux-x86_64-debian-gcc | 1.1.5 | 8.16 | 219.81 | 227.97 | OK | |
r-devel-linux-x86_64-fedora-clang | 1.1.5 | 361.70 | NOTE | |||
r-devel-linux-x86_64-fedora-gcc | 1.1.5 | 381.58 | OK | |||
r-devel-windows-x86_64 | 1.1.5 | 14.00 | 349.00 | 363.00 | OK | |
r-patched-linux-x86_64 | 1.1.5 | 11.65 | 268.72 | 280.37 | OK | |
r-release-linux-x86_64 | 1.1.5 | 8.31 | 235.68 | 243.99 | OK | |
r-release-macos-arm64 | 1.1.5 | 95.00 | OK | |||
r-release-macos-x86_64 | 1.1.5 | 173.00 | OK | |||
r-release-windows-x86_64 | 1.1.5 | 67.00 | 341.00 | 408.00 | OK | |
r-oldrel-macos-arm64 | 1.1.5 | 139.00 | OK | |||
r-oldrel-macos-x86_64 | 1.1.5 | 120.00 | OK | |||
r-oldrel-windows-ix86+x86_64 | 1.1.5 | 22.00 | 335.00 | 357.00 | OK |
Version: 1.1.5
Check: Rd cross-references
Result: NOTE
Undeclared packages ‘quantreg’, ‘effects’, ‘Hmisc’, ‘rockchalk’, ‘pequod’ in Rd xrefs
Flavor: r-devel-linux-x86_64-fedora-clang