CRAN Package Check Results for Package intRinsic

Last updated on 2024-06-14 02:54:04 CEST.

Flavor Version Tinstall Tcheck Ttotal Status Flags
r-devel-linux-x86_64-debian-clang 1.0.2 47.25 62.99 110.24 OK
r-devel-linux-x86_64-debian-gcc 1.0.2 0.35 1.57 1.92 ERROR
r-devel-linux-x86_64-fedora-clang 1.0.2 142.99 OK
r-devel-linux-x86_64-fedora-gcc 1.0.2 139.93 OK
r-devel-windows-x86_64 1.0.2 36.00 85.00 121.00 OK
r-patched-linux-x86_64 1.0.2 41.05 60.56 101.61 OK
r-release-linux-x86_64 1.0.2 40.30 58.72 99.02 OK
r-release-macos-arm64 1.0.2 36.00 OK
r-release-macos-x86_64 1.0.2 50.00 OK
r-release-windows-x86_64 1.0.2 38.00 89.00 127.00 OK
r-oldrel-macos-arm64 1.0.2 43.00 OK
r-oldrel-macos-x86_64 1.0.2 65.00 OK
r-oldrel-windows-x86_64 1.0.2 45.00 106.00 151.00 OK

Check Details

Version: 1.0.2
Check: package dependencies
Result: ERROR Packages required but not available: 'dplyr', 'ggplot2', 'latex2exp', 'reshape2' See section ‘The DESCRIPTION file’ in the ‘Writing R Extensions’ manual. Flavor: r-devel-linux-x86_64-debian-gcc