CRAN Package Check Results for Package inpdfr

Last updated on 2023-01-29 18:53:11 CET.

Flavor Version Tinstall Tcheck Ttotal Status Flags
r-devel-linux-x86_64-debian-clang 0.1.11 7.14 60.28 67.42 OK
r-devel-linux-x86_64-debian-gcc 0.1.11 5.76 50.42 56.18 OK
r-devel-linux-x86_64-fedora-clang 0.1.11 94.83 NOTE
r-devel-linux-x86_64-fedora-gcc 0.1.11 100.31 NOTE
r-devel-windows-x86_64 0.1.11 22.00 117.00 139.00 OK
r-patched-linux-x86_64 0.1.11 7.80 65.16 72.96 OK
r-release-linux-x86_64 0.1.11 7.71 65.64 73.35 OK
r-release-macos-arm64 0.1.11 33.00 NOTE
r-release-macos-x86_64 0.1.11 54.00 NOTE
r-release-windows-x86_64 0.1.11 20.00 114.00 134.00 OK
r-oldrel-macos-arm64 0.1.11 41.00 NOTE
r-oldrel-macos-x86_64 0.1.11 54.00 NOTE
r-oldrel-windows-ix86+x86_64 0.1.11 20.00 101.00 121.00 OK

Check Details

Version: 0.1.11
Check: dependencies in R code
Result: NOTE
    Namespace in Imports field not imported from: ‘ca’
     All declared Imports should be used.
Flavors: r-devel-linux-x86_64-fedora-clang, r-devel-linux-x86_64-fedora-gcc, r-release-macos-arm64, r-release-macos-x86_64, r-oldrel-macos-arm64, r-oldrel-macos-x86_64