CRAN Package Check Results for Package iheiddown

Last updated on 2024-07-14 10:56:04 CEST.

Flavor Version Tinstall Tcheck Ttotal Status Flags
r-devel-linux-x86_64-debian-clang 0.9.7 15.84 145.29 161.13 OK
r-devel-linux-x86_64-debian-gcc 0.9.7 9.84 107.39 117.23 OK
r-devel-linux-x86_64-fedora-clang 0.9.7 199.60 NOTE
r-devel-linux-x86_64-fedora-gcc 0.9.7 199.28 OK
r-devel-windows-x86_64 0.9.7 13.00 118.00 131.00 OK
r-patched-linux-x86_64 0.9.7 12.52 134.34 146.86 OK
r-release-linux-x86_64 0.9.7 9.02 134.48 143.50 OK
r-release-macos-arm64 0.9.7 64.00 OK
r-release-macos-x86_64 0.9.7 96.00 OK
r-release-windows-x86_64 0.9.7 15.00 120.00 135.00 OK
r-oldrel-macos-arm64 0.9.7 68.00 OK
r-oldrel-macos-x86_64 0.9.7 114.00 OK
r-oldrel-windows-x86_64 0.9.7 16.00 146.00 162.00 OK

Check Details

Version: 0.9.7
Check: installed package size
Result: NOTE installed size is 5.0Mb sub-directories of 1Mb or more: doc 1.6Mb logos 1.0Mb rmarkdown 1.2Mb Flavor: r-devel-linux-x86_64-fedora-clang