CRAN Package Check Results for Package hypsoLoop

Last updated on 2024-07-17 11:31:51 CEST.

Flavor Version Tinstall Tcheck Ttotal Status Flags
r-devel-linux-x86_64-debian-clang 0.2.0 34.60 300.56 335.16 OK
r-devel-linux-x86_64-debian-gcc 0.2.0 23.08 209.92 233.00 OK
r-devel-linux-x86_64-fedora-clang 0.2.0 405.75 OK
r-devel-linux-x86_64-fedora-gcc 0.2.0 389.72 OK
r-devel-windows-x86_64 0.2.0 26.00 176.00 202.00 NOTE
r-patched-linux-x86_64 0.2.0 31.26 277.70 308.96 OK
r-release-linux-x86_64 0.2.0 22.29 284.22 306.51 OK
r-release-macos-arm64 0.2.0 106.00 OK
r-release-macos-x86_64 0.2.0 158.00 OK
r-release-windows-x86_64 0.2.0 26.00 175.00 201.00 OK
r-oldrel-macos-arm64 0.2.0 120.00 OK
r-oldrel-macos-x86_64 0.2.0 208.00 OK
r-oldrel-windows-x86_64 0.2.0 37.00 239.00 276.00 OK

Check Details

Version: 0.2.0
Check: Rd cross-references
Result: NOTE Found the following Rd file(s) with Rd \link{} targets missing package anchors: calc_areas.Rd: area, values generateHypsoTables.Rd: crop, mask, classify Please provide package anchors for all Rd \link{} targets not in the package itself and the base packages. Flavor: r-devel-windows-x86_64