Last updated on 2023-02-06 02:52:39 CET.
Flavor | Version | Tinstall | Tcheck | Ttotal | Status | Flags |
---|---|---|---|---|---|---|
r-devel-linux-x86_64-debian-clang | 0.5-1 | 28.95 | 190.58 | 219.53 | NOTE | |
r-devel-linux-x86_64-debian-gcc | 0.5-1 | 19.38 | 138.86 | 158.24 | NOTE | |
r-devel-linux-x86_64-fedora-clang | 0.5-1 | 269.88 | NOTE | |||
r-devel-linux-x86_64-fedora-gcc | 0.5-1 | 266.12 | NOTE | |||
r-devel-windows-x86_64 | 0.5-1 | 58.00 | 262.00 | 320.00 | NOTE | |
r-patched-linux-x86_64 | 0.5-1 | 21.89 | 174.89 | 196.78 | OK | |
r-release-linux-x86_64 | 0.5-1 | 20.18 | 176.34 | 196.52 | OK | |
r-release-macos-arm64 | 0.5-1 | 71.00 | OK | |||
r-release-macos-x86_64 | 0.5-1 | 119.00 | OK | |||
r-release-windows-x86_64 | 0.5-1 | 60.00 | 276.00 | 336.00 | OK | |
r-oldrel-macos-arm64 | 0.5-1 | 118.00 | OK | |||
r-oldrel-macos-x86_64 | 0.5-1 | 165.00 | OK | |||
r-oldrel-windows-ix86+x86_64 | 0.5-1 | 64.00 | 245.00 | 309.00 | OK |
Version: 0.5-1
Check: Rd files
Result: NOTE
checkRd: (-1) Trancura9414001.Rd:27: Escaped LaTeX specials: \_
checkRd: (-1) Trancura9414001.Rd:28: Escaped LaTeX specials: \_
checkRd: (-1) hydroPSO.Rd:390: Escaped LaTeX specials: \&
checkRd: (-1) hydroPSO.Rd:408: Escaped LaTeX specials: \&
Flavors: r-devel-linux-x86_64-debian-clang, r-devel-linux-x86_64-debian-gcc, r-devel-linux-x86_64-fedora-clang, r-devel-linux-x86_64-fedora-gcc, r-devel-windows-x86_64