CRAN Package Check Results for Package hwsdr

Last updated on 2024-07-18 10:51:11 CEST.

Flavor Version Tinstall Tcheck Ttotal Status Flags
r-devel-linux-x86_64-debian-clang 1.1 7.24 66.92 74.16 NOTE
r-devel-linux-x86_64-debian-gcc 1.1 5.04 50.52 55.56 NOTE
r-devel-linux-x86_64-fedora-clang 1.1 93.70 NOTE
r-devel-linux-x86_64-fedora-gcc 1.1 101.72 NOTE
r-devel-windows-x86_64 1.1 7.00 66.00 73.00 NOTE
r-patched-linux-x86_64 1.1 5.76 64.66 70.42 NOTE
r-release-linux-x86_64 1.1 7.22 63.42 70.64 NOTE
r-release-macos-arm64 1.1 35.00 NOTE
r-release-macos-x86_64 1.1 57.00 NOTE
r-release-windows-x86_64 1.1 8.00 64.00 72.00 NOTE
r-oldrel-macos-arm64 1.1 43.00 OK
r-oldrel-macos-x86_64 1.1 112.00 OK
r-oldrel-windows-x86_64 1.1 9.00 76.00 85.00 OK

Check Details

Version: 1.1
Check: Rd files
Result: NOTE checkRd: (-1) ws_download.Rd:31: Lost braces; missing escapes or markup? 31 | (while using the {hwsdr} package for HWSD v2.0). | ^ Flavors: r-devel-linux-x86_64-debian-clang, r-devel-linux-x86_64-debian-gcc, r-devel-linux-x86_64-fedora-clang, r-devel-linux-x86_64-fedora-gcc, r-devel-windows-x86_64, r-patched-linux-x86_64, r-release-linux-x86_64, r-release-macos-arm64, r-release-macos-x86_64, r-release-windows-x86_64

Version: 1.1
Check: data for non-ASCII characters
Result: NOTE Note: found 1 marked UTF-8 string Flavors: r-devel-linux-x86_64-fedora-clang, r-devel-linux-x86_64-fedora-gcc