Last updated on 2023-01-29 18:53:11 CET.
Flavor | Version | Tinstall | Tcheck | Ttotal | Status | Flags |
---|---|---|---|---|---|---|
r-devel-linux-x86_64-debian-clang | 5.5.2 | 17.47 | 246.79 | 264.26 | OK | |
r-devel-linux-x86_64-debian-gcc | 5.5.2 | 15.54 | 178.37 | 193.91 | OK | |
r-devel-linux-x86_64-fedora-clang | 5.5.2 | 329.39 | NOTE | |||
r-devel-linux-x86_64-fedora-gcc | 5.5.2 | 332.34 | NOTE | |||
r-devel-windows-x86_64 | 5.5.2 | 176.00 | 331.00 | 507.00 | OK | |
r-patched-linux-x86_64 | 5.5.2 | 19.89 | 228.48 | 248.37 | OK | |
r-release-linux-x86_64 | 5.5.2 | 15.86 | 222.08 | 237.94 | OK | |
r-release-macos-arm64 | 5.5.2 | 88.00 | OK | |||
r-release-macos-x86_64 | 5.5.2 | 110.00 | NOTE | |||
r-release-windows-x86_64 | 5.5.2 | 102.00 | 294.00 | 396.00 | OK | |
r-oldrel-macos-arm64 | 5.5.2 | 91.00 | OK | |||
r-oldrel-macos-x86_64 | 5.5.2 | 113.00 | NOTE | |||
r-oldrel-windows-ix86+x86_64 | 5.5.2 | 32.00 | 263.00 | 295.00 | WARN |
Version: 5.5.2
Check: dependencies in R code
Result: NOTE
Namespaces in Imports field not imported from:
‘R6’ ‘xml2’
All declared Imports should be used.
Flavors: r-devel-linux-x86_64-fedora-clang, r-devel-linux-x86_64-fedora-gcc, r-release-macos-x86_64, r-oldrel-macos-x86_64
Version: 5.5.2
Check: re-building of vignette outputs
Result: WARN
Error(s) in re-building vignettes:
--- re-building 'design-principles.Rmd' using rmarkdown
--- finished re-building 'design-principles.Rmd'
--- re-building 'huxreg.Rmd' using rmarkdown
--- finished re-building 'huxreg.Rmd'
--- re-building 'huxtable.Rmd' using rmarkdown
! Missing \endcsname inserted.
<to be read again>
\egroup
l.148 \begin
{threeparttable}
Error: processing vignette 'huxtable.Rmd' failed with diagnostics:
LaTeX failed to compile d:/RCompile/CRANpkg/local/4.1/huxtable.Rcheck/vign_test/huxtable/vignettes/huxtable.tex. See https://yihui.org/tinytex/r/#debugging for debugging tips. See huxtable.log for more info.
--- failed re-building 'huxtable.Rmd'
--- re-building 'themes.Rhtml' using knitr
--- finished re-building 'themes.Rhtml'
SUMMARY: processing the following file failed:
'huxtable.Rmd'
Error: Vignette re-building failed.
Execution halted
Flavor: r-oldrel-windows-ix86+x86_64