CRAN Package Check Results for Package html2R

Last updated on 2024-05-27 18:52:39 CEST.

Flavor Version Tinstall Tcheck Ttotal Status Flags
r-devel-linux-x86_64-debian-clang 0.1.0 4.81 42.68 47.49 NOTE
r-devel-linux-x86_64-debian-gcc 0.1.0 3.64 31.72 35.36 NOTE
r-devel-linux-x86_64-fedora-clang 0.1.0 57.36 NOTE
r-devel-linux-x86_64-fedora-gcc 0.1.0 53.79 NOTE
r-devel-windows-x86_64 0.1.0 5.00 50.00 55.00 NOTE
r-patched-linux-x86_64 0.1.0 3.69 38.49 42.18 NOTE
r-release-linux-x86_64 0.1.0 4.78 39.82 44.60 NOTE
r-release-macos-arm64 0.1.0 22.00 NOTE
r-release-windows-x86_64 0.1.0 5.00 51.00 56.00 NOTE
r-oldrel-macos-arm64 0.1.0 24.00 NOTE
r-oldrel-macos-x86_64 0.1.0 30.00 NOTE
r-oldrel-windows-x86_64 0.1.0 6.00 56.00 62.00 NOTE

Check Details

Version: 0.1.0
Check: LazyData
Result: NOTE 'LazyData' is specified without a 'data' directory Flavors: r-devel-linux-x86_64-debian-clang, r-devel-linux-x86_64-debian-gcc, r-devel-linux-x86_64-fedora-clang, r-devel-linux-x86_64-fedora-gcc, r-devel-windows-x86_64, r-patched-linux-x86_64, r-release-linux-x86_64, r-release-macos-arm64, r-release-windows-x86_64, r-oldrel-macos-arm64, r-oldrel-macos-x86_64, r-oldrel-windows-x86_64