CRAN Package Check Results for Package hrqglas

Last updated on 2024-04-24 10:22:57 CEST.

Flavor Version Tinstall Tcheck Ttotal Status Flags
r-devel-linux-x86_64-debian-clang 1.1.0 9.61 70.00 79.61 OK
r-devel-linux-x86_64-debian-gcc 1.1.0 7.59 51.24 58.83 OK
r-devel-linux-x86_64-fedora-clang 1.1.0 94.70 NOTE
r-devel-linux-x86_64-fedora-gcc 1.1.0 92.92 NOTE
r-devel-windows-x86_64 1.1.0 10.00 67.00 77.00 OK
r-patched-linux-x86_64 1.1.0 9.56 64.60 74.16 OK
r-release-linux-x86_64 1.1.0 9.45 69.26 78.71 OK
r-release-macos-arm64 1.1.0 36.00 OK
r-release-windows-x86_64 1.1.0 13.00 77.00 90.00 OK
r-oldrel-macos-arm64 1.1.0 34.00 OK
r-oldrel-macos-x86_64 1.1.0 50.00 OK
r-oldrel-windows-x86_64 1.1.0 13.00 81.00 94.00 OK

Check Details

Version: 1.1.0
Check: dependencies in R code
Result: NOTE Namespaces in Imports field not imported from: ‘Rcpp’ ‘quantreg’ All declared Imports should be used. Flavors: r-devel-linux-x86_64-fedora-clang, r-devel-linux-x86_64-fedora-gcc