CRAN Package Check Results for Package heuristica

Last updated on 2025-01-25 02:50:54 CET.

Flavor Version Tinstall Tcheck Ttotal Status Flags
r-devel-linux-x86_64-debian-clang 1.0.3 3.06 175.75 178.81 NOTE
r-devel-linux-x86_64-debian-gcc 1.0.3 2.43 115.66 118.09 NOTE
r-devel-linux-x86_64-fedora-clang 1.0.3 299.66 NOTE
r-devel-linux-x86_64-fedora-gcc 1.0.3 294.48 NOTE
r-devel-windows-x86_64 1.0.3 6.00 179.00 185.00 NOTE
r-patched-linux-x86_64 1.0.3 3.95 166.85 170.80 NOTE
r-release-linux-x86_64 1.0.3 2.54 172.84 175.38 NOTE
r-release-macos-arm64 1.0.3 79.00 NOTE
r-release-macos-x86_64 1.0.3 124.00 NOTE
r-release-windows-x86_64 1.0.3 4.00 181.00 185.00 NOTE
r-oldrel-macos-arm64 1.0.3 86.00 OK
r-oldrel-macos-x86_64 1.0.3 136.00 OK
r-oldrel-windows-x86_64 1.0.3 7.00 232.00 239.00 OK

Check Details

Version: 1.0.3
Check: Rd files
Result: NOTE checkRd: (-1) predictPair.Rd:20: Lost braces; missing escapes or markup? 20 | A number in the set {-1, 0, 1}, where 1 means row1 is predicted to | ^ checkRd: (-1) predictPairInternal.Rd:18: Lost braces; missing escapes or markup? 18 | A number in the set {-1, 0, 1}, where 1 means row1 is predicted to | ^ Flavors: r-devel-linux-x86_64-debian-clang, r-devel-linux-x86_64-debian-gcc, r-devel-linux-x86_64-fedora-clang, r-devel-linux-x86_64-fedora-gcc, r-devel-windows-x86_64, r-patched-linux-x86_64, r-release-linux-x86_64, r-release-macos-arm64, r-release-macos-x86_64, r-release-windows-x86_64