CRAN Package Check Results for Package hetGP

Last updated on 2018-11-17 02:48:30 CET.

Flavor Version Tinstall Tcheck Ttotal Status Flags
r-devel-linux-x86_64-debian-clang 1.1.0 57.18 55.33 112.51 ERROR
r-devel-linux-x86_64-debian-gcc 1.1.0 47.06 77.28 124.34 OK
r-devel-linux-x86_64-fedora-clang 1.1.0 164.26 ERROR
r-devel-linux-x86_64-fedora-gcc 1.1.0 200.69 OK
r-devel-windows-ix86+x86_64 1.1.0 142.00 204.00 346.00 OK
r-patched-linux-x86_64 1.1.0 60.61 100.89 161.50 OK
r-patched-solaris-x86 1.1.0 230.90 OK
r-release-linux-x86_64 1.1.0 61.75 104.69 166.44 OK
r-release-windows-ix86+x86_64 1.1.0 142.00 205.00 347.00 OK
r-release-osx-x86_64 1.1.0 OK
r-oldrel-windows-ix86+x86_64 1.1.0 134.00 219.00 353.00 OK
r-oldrel-osx-x86_64 1.1.0 OK

Check Details

Version: 1.1.0
Check: examples
Result: ERROR
    Running examples in ‘hetGP-Ex.R’ failed
    The error most likely occurred in:
    
    > base::assign(".ptime", proc.time(), pos = "CheckExEnv")
    > ### Name: LOO_preds
    > ### Title: Leave one out predictions
    > ### Aliases: LOO_preds
    >
    > ### ** Examples
    >
    > set.seed(32)
    > ## motorcycle data
    > library(MASS)
    > X <- matrix(mcycle$times, ncol = 1)
    > Z <- mcycle$accel
    > nvar <- 1
    > plot(X, Z, ylim = c(-160, 90), ylab = 'acceleration', xlab = "time")
    >
    > ## Model fitting
    > model <- mleHomGP(X = X, Z = Z, lower = rep(0.1, nvar), upper = rep(50, nvar),
    + covtype = "Matern5_2", known = list(beta0 = 0))
    Error in chol.default(C + diag(eps + g/mult)) :
     the leading minor of order 26 is not positive definite
    Calls: mleHomGP ... <Anonymous> -> fn -> logLikHom -> chol -> chol.default
    Execution halted
Flavor: r-devel-linux-x86_64-debian-clang

Version: 1.1.0
Check: examples
Result: ERROR
    Running examples in ‘hetGP-Ex.R’ failed
    The error most likely occurred in:
    
    > ### Name: LOO_preds
    > ### Title: Leave one out predictions
    > ### Aliases: LOO_preds
    >
    > ### ** Examples
    >
    > set.seed(32)
    > ## motorcycle data
    > library(MASS)
    > X <- matrix(mcycle$times, ncol = 1)
    > Z <- mcycle$accel
    > nvar <- 1
    > plot(X, Z, ylim = c(-160, 90), ylab = 'acceleration', xlab = "time")
    >
    > ## Model fitting
    > model <- mleHomGP(X = X, Z = Z, lower = rep(0.1, nvar), upper = rep(50, nvar),
    + covtype = "Matern5_2", known = list(beta0 = 0))
    Error in chol.default(C + diag(eps + g/mult)) :
     the leading minor of order 26 is not positive definite
    Calls: mleHomGP ... <Anonymous> -> fn -> logLikHom -> chol -> chol.default
    Execution halted
Flavor: r-devel-linux-x86_64-fedora-clang