CRAN Package Check Results for Package healthyR.ts

Last updated on 2024-07-14 10:56:03 CEST.

Flavor Version Tinstall Tcheck Ttotal Status Flags
r-devel-linux-x86_64-debian-clang 0.3.0 26.82 254.81 281.63 OK
r-devel-linux-x86_64-debian-gcc 0.3.0 18.60 185.09 203.69 OK
r-devel-linux-x86_64-fedora-clang 0.3.0 343.69 NOTE
r-devel-linux-x86_64-fedora-gcc 0.3.0 332.66 OK
r-devel-windows-x86_64 0.3.0 21.00 214.00 235.00 NOTE
r-patched-linux-x86_64 0.3.0 1.37 2.38 3.75 ERROR
r-release-linux-x86_64 0.3.0 14.51 237.54 252.05 OK
r-release-macos-arm64 0.3.0 90.00 NOTE
r-release-macos-x86_64 0.3.0 146.00 NOTE
r-release-windows-x86_64 0.3.0 21.00 211.00 232.00 NOTE
r-oldrel-macos-arm64 0.3.0 92.00 NOTE
r-oldrel-macos-x86_64 0.3.0 242.00 NOTE
r-oldrel-windows-x86_64 0.3.0 27.00 273.00 300.00 NOTE

Check Details

Version: 0.3.0
Check: installed package size
Result: NOTE installed size is 6.3Mb sub-directories of 1Mb or more: doc 5.2Mb Flavors: r-devel-linux-x86_64-fedora-clang, r-devel-windows-x86_64, r-release-macos-arm64, r-release-macos-x86_64, r-release-windows-x86_64, r-oldrel-macos-arm64, r-oldrel-macos-x86_64, r-oldrel-windows-x86_64

Version: 0.3.0
Check: package dependencies
Result: ERROR Package required but not available: ‘modeltime’ Package suggested but not available for checking: ‘healthyR.ai’ See section ‘The DESCRIPTION file’ in the ‘Writing R Extensions’ manual. Flavor: r-patched-linux-x86_64