CRAN Package Check Results for Package hdf5r

Last updated on 2018-01-20 02:49:10 CET.

Flavor Version Tinstall Tcheck Ttotal Status Flags
r-devel-linux-x86_64-debian-clang 1.0.0 30.30 114.38 144.68 OK
r-devel-linux-x86_64-debian-gcc 1.0.0 24.79 85.56 110.35 OK
r-devel-linux-x86_64-fedora-clang 1.0.0 173.28 OK
r-devel-linux-x86_64-fedora-gcc 1.0.0 160.03 OK
r-devel-windows-ix86+x86_64 1.0.0 134.00 187.00 321.00 NOTE
r-patched-linux-x86_64 1.0.0 31.08 111.11 142.19 OK
r-patched-solaris-x86 1.0.0 10.70 ERROR
r-release-linux-x86_64 1.0.0 29.71 113.03 142.74 OK
r-release-windows-ix86+x86_64 1.0.0 140.00 235.00 375.00 NOTE
r-release-osx-x86_64 1.0.0 NOTE
r-oldrel-windows-ix86+x86_64 1.0.0 124.00 213.00 337.00 NOTE
r-oldrel-osx-x86_64 1.0.0 ERROR

Additional issues

clang-UBSAN gcc-UBSAN rchk

Check Details

Version: 1.0.0
Check: installed package size
Result: NOTE
     installed size is 10.2Mb
     sub-directories of 1Mb or more:
     libs 8.3Mb
Flavors: r-devel-windows-ix86+x86_64, r-release-windows-ix86+x86_64, r-release-osx-x86_64, r-oldrel-windows-ix86+x86_64

Version: 1.0.0
Check: whether package can be installed
Result: ERROR
    Installation failed.
Flavors: r-patched-solaris-x86, r-oldrel-osx-x86_64