CRAN Package Check Results for Package hdf5r

Last updated on 2018-04-21 19:50:04 CEST.

Flavor Version Tinstall Tcheck Ttotal Status Flags
r-devel-linux-x86_64-debian-clang 1.0.0 41.47 93.83 135.30 OK
r-devel-linux-x86_64-debian-gcc 1.0.0 37.97 75.23 113.20 OK
r-devel-linux-x86_64-fedora-clang 1.0.0 178.00 OK
r-devel-linux-x86_64-fedora-gcc 1.0.0 167.57 OK
r-devel-windows-ix86+x86_64 1.0.0 159.00 225.00 384.00 NOTE
r-devel-osx-x86_64 1.0.0 NOTE
r-patched-linux-x86_64 1.0.0 41.74 92.47 134.21 OK
r-patched-solaris-x86 1.0.0 9.20 ERROR
r-release-linux-x86_64 1.0.0 31.33 106.85 138.18 OK
r-release-windows-ix86+x86_64 1.0.0 124.00 183.00 307.00 NOTE
r-release-osx-x86_64 1.0.0 NOTE
r-oldrel-windows-ix86+x86_64 1.0.0 136.00 152.00 288.00 NOTE

Additional issues

clang-UBSAN gcc-UBSAN rchk

Check Details

Version: 1.0.0
Check: installed package size
Result: NOTE
     installed size is 10.8Mb
     sub-directories of 1Mb or more:
     libs 8.3Mb
Flavors: r-devel-windows-ix86+x86_64, r-devel-osx-x86_64, r-release-windows-ix86+x86_64, r-release-osx-x86_64, r-oldrel-windows-ix86+x86_64

Version: 1.0.0
Check: whether package can be installed
Result: ERROR
    Installation failed.
Flavor: r-patched-solaris-x86