CRAN Package Check Results for Package hdf5r

Last updated on 2018-08-17 18:46:56 CEST.

Flavor Version Tinstall Tcheck Ttotal Status Flags
r-devel-linux-x86_64-debian-clang 1.0.0 45.45 95.33 140.78 OK
r-devel-linux-x86_64-debian-gcc 1.0.0 37.94 78.23 116.17 OK
r-devel-linux-x86_64-fedora-clang 1.0.0 175.24 OK
r-devel-linux-x86_64-fedora-gcc 1.0.0 172.28 OK
r-devel-windows-ix86+x86_64 1.0.0 111.00 219.00 330.00 NOTE
r-patched-linux-x86_64 1.0.0 45.09 93.93 139.02 OK
r-patched-solaris-x86 1.0.0 9.40 ERROR
r-release-linux-x86_64 1.0.0 45.13 94.64 139.77 OK
r-release-windows-ix86+x86_64 1.0.0 161.00 208.00 369.00 NOTE
r-release-osx-x86_64 1.0.0 NOTE
r-oldrel-windows-ix86+x86_64 1.0.0 99.00 231.00 330.00 NOTE
r-oldrel-osx-x86_64 1.0.0 NOTE

Additional issues

clang-UBSAN gcc-UBSAN rchk

Check Details

Version: 1.0.0
Check: installed package size
Result: NOTE
     installed size is 10.8Mb
     sub-directories of 1Mb or more:
     libs 8.3Mb
Flavors: r-devel-windows-ix86+x86_64, r-release-windows-ix86+x86_64, r-release-osx-x86_64, r-oldrel-windows-ix86+x86_64, r-oldrel-osx-x86_64

Version: 1.0.0
Check: whether package can be installed
Result: ERROR
    Installation failed.
Flavor: r-patched-solaris-x86