CRAN Package Check Results for Package gwasforest

Last updated on 2023-02-06 18:52:08 CET.

Flavor Version Tinstall Tcheck Ttotal Status Flags
r-devel-linux-x86_64-debian-clang 1.0.0 2.51 24.09 26.60 NOTE
r-devel-linux-x86_64-debian-gcc 1.0.0 1.86 18.67 20.53 NOTE
r-devel-linux-x86_64-fedora-clang 1.0.0 34.28 NOTE
r-devel-linux-x86_64-fedora-gcc 1.0.0 33.05 NOTE
r-devel-windows-x86_64 1.0.0 14.00 55.00 69.00 NOTE
r-patched-linux-x86_64 1.0.0 1.92 24.99 26.91 NOTE
r-release-linux-x86_64 1.0.0 2.23 24.21 26.44 NOTE
r-release-macos-arm64 1.0.0 17.00 NOTE
r-release-macos-x86_64 1.0.0 27.00 NOTE
r-release-windows-x86_64 1.0.0 12.00 54.00 66.00 NOTE
r-oldrel-macos-arm64 1.0.0 23.00 NOTE
r-oldrel-macos-x86_64 1.0.0 26.00 NOTE
r-oldrel-windows-ix86+x86_64 1.0.0 6.00 52.00 58.00 NOTE

Check Details

Version: 1.0.0
Check: LazyData
Result: NOTE
     'LazyData' is specified without a 'data' directory
Flavors: r-devel-linux-x86_64-debian-clang, r-devel-linux-x86_64-debian-gcc, r-devel-linux-x86_64-fedora-clang, r-devel-linux-x86_64-fedora-gcc, r-devel-windows-x86_64, r-patched-linux-x86_64, r-release-linux-x86_64, r-release-macos-arm64, r-release-macos-x86_64, r-release-windows-x86_64, r-oldrel-macos-arm64, r-oldrel-macos-x86_64, r-oldrel-windows-ix86+x86_64