CRAN Package Check Results for Package grt

Last updated on 2024-04-12 18:57:15 CEST.

Flavor Version Tinstall Tcheck Ttotal Status Flags
r-devel-linux-x86_64-debian-clang 0.2.1 4.52 46.50 51.02 NOTE
r-devel-linux-x86_64-debian-gcc 0.2.1 2.95 36.05 39.00 NOTE
r-devel-linux-x86_64-fedora-clang 0.2.1 66.26 NOTE
r-devel-linux-x86_64-fedora-gcc 0.2.1 60.98 NOTE
r-devel-windows-x86_64 0.2.1 5.00 62.00 67.00 NOTE
r-patched-linux-x86_64 0.2.1 4.78 44.79 49.57 NOTE
r-release-linux-x86_64 0.2.1 3.72 42.61 46.33 OK
r-release-macos-arm64 0.2.1 23.00 OK
r-release-macos-x86_64 0.2.1 32.00 OK
r-release-windows-x86_64 0.2.1 6.00 70.00 76.00 OK
r-oldrel-macos-arm64 0.2.1 22.00 OK
r-oldrel-windows-x86_64 0.2.1 6.00 68.00 74.00 OK

Check Details

Version: 0.2.1
Check: Rd files
Result: NOTE checkRd: (-1) qdb.p.correct.Rd:14: Lost braces; missing escapes or markup? 14 | \item{refpts}{a numeric vector used as a reference point to determine the correct side of the \code{qdb} for classifying \code{x}. The \code{length(refpts)} should be equal to {ncol(x)}. Default to \code{colMeans(x)}. } | ^ Flavors: r-devel-linux-x86_64-debian-clang, r-devel-linux-x86_64-debian-gcc, r-devel-linux-x86_64-fedora-clang, r-devel-linux-x86_64-fedora-gcc, r-devel-windows-x86_64, r-patched-linux-x86_64