Last updated on 2025-01-20 10:54:13 CET.
Flavor | Version | Tinstall | Tcheck | Ttotal | Status | Flags |
---|---|---|---|---|---|---|
r-devel-linux-x86_64-debian-clang | 0.6 | 5.05 | 89.47 | 94.52 | OK | |
r-devel-linux-x86_64-debian-gcc | 0.6 | 4.80 | 58.71 | 63.51 | OK | |
r-devel-linux-x86_64-fedora-clang | 0.6 | 158.95 | NOTE | |||
r-devel-linux-x86_64-fedora-gcc | 0.6 | 161.03 | NOTE | |||
r-devel-windows-x86_64 | 0.6 | 7.00 | 105.00 | 112.00 | OK | |
r-patched-linux-x86_64 | 0.6 | 5.39 | 82.61 | 88.00 | OK | |
r-release-linux-x86_64 | 0.6 | 4.82 | 82.42 | 87.24 | OK | |
r-release-macos-arm64 | 0.6 | 50.00 | OK | |||
r-release-macos-x86_64 | 0.6 | 96.00 | OK | |||
r-release-windows-x86_64 | 0.6 | 9.00 | 106.00 | 115.00 | OK | |
r-oldrel-macos-arm64 | 0.6 | 52.00 | OK | |||
r-oldrel-macos-x86_64 | 0.6 | 84.00 | OK | |||
r-oldrel-windows-x86_64 | 0.6 | 9.00 | 125.00 | 134.00 | OK |
Version: 0.6
Check: dependencies in R code
Result: NOTE
Namespace in Imports field not imported from: ‘BiasedUrn’
All declared Imports should be used.
Flavors: r-devel-linux-x86_64-fedora-clang, r-devel-linux-x86_64-fedora-gcc