CRAN Package Check Results for Package graphicalVAR

Last updated on 2022-12-09 11:00:38 CET.

Flavor Version Tinstall Tcheck Ttotal Status Flags
r-devel-linux-x86_64-debian-clang 0.3 45.90 128.41 174.31 NOTE
r-devel-linux-x86_64-debian-gcc 0.3 35.70 100.05 135.75 NOTE
r-devel-linux-x86_64-fedora-clang 0.3 239.45 NOTE
r-devel-linux-x86_64-fedora-gcc 0.3 225.08 NOTE
r-devel-windows-x86_64 0.3 48.00 178.00 226.00 NOTE
r-patched-linux-x86_64 0.3 40.34 120.88 161.22 OK
r-release-linux-x86_64 0.3 28.09 118.81 146.90 OK
r-release-macos-arm64 0.3 57.00 OK
r-release-macos-x86_64 0.3 98.00 OK
r-release-windows-x86_64 0.3 47.00 173.00 220.00 OK
r-oldrel-macos-arm64 0.3 64.00 OK
r-oldrel-macos-x86_64 0.3 77.00 OK
r-oldrel-windows-ix86+x86_64 0.3 113.00 201.00 314.00 OK

Check Details

Version: 0.3
Check: Rd files
Result: NOTE
    checkRd: (-1) mlGraphicalVAR.Rd:79: Escaped LaTeX specials: \~
Flavors: r-devel-linux-x86_64-debian-clang, r-devel-linux-x86_64-debian-gcc, r-devel-linux-x86_64-fedora-clang, r-devel-linux-x86_64-fedora-gcc, r-devel-windows-x86_64