Last updated on 2023-01-27 11:49:28 CET.
Flavor | Version | Tinstall | Tcheck | Ttotal | Status | Flags |
---|---|---|---|---|---|---|
r-devel-linux-x86_64-debian-clang | 3.0.0 | 22.15 | 240.68 | 262.83 | OK | |
r-devel-linux-x86_64-debian-gcc | 3.0.0 | 15.88 | 173.92 | 189.80 | OK | |
r-devel-linux-x86_64-fedora-clang | 3.0.0 | 319.13 | NOTE | |||
r-devel-linux-x86_64-fedora-gcc | 3.0.0 | 300.58 | OK | |||
r-devel-windows-x86_64 | 3.0.0 | 54.00 | 272.00 | 326.00 | OK | |
r-patched-linux-x86_64 | 3.0.0 | 28.56 | 215.76 | 244.32 | OK | |
r-release-linux-x86_64 | 3.0.0 | 20.22 | 219.47 | 239.69 | OK | |
r-release-macos-arm64 | 3.0.0 | 62.00 | OK | |||
r-release-macos-x86_64 | 3.0.0 | 109.00 | OK | |||
r-release-windows-x86_64 | 3.0.0 | 65.00 | 268.00 | 333.00 | OK | |
r-oldrel-macos-arm64 | 3.0.0 | 64.00 | OK | |||
r-oldrel-macos-x86_64 | 3.0.0 | 104.00 | OK | |||
r-oldrel-windows-ix86+x86_64 | 3.0.0 | 43.00 | 252.00 | 295.00 | OK |
Version: 3.0.0
Check: Rd cross-references
Result: NOTE
Undeclared package ‘gratia’ in Rd xrefs
Flavor: r-devel-linux-x86_64-fedora-clang