Last updated on 2023-01-29 13:51:25 CET.
Flavor | Version | Tinstall | Tcheck | Ttotal | Status | Flags |
---|---|---|---|---|---|---|
r-devel-linux-x86_64-debian-clang | 0.1.4 | 251.82 | 135.01 | 386.83 | NOTE | |
r-devel-linux-x86_64-debian-gcc | 0.1.4 | 144.03 | 109.40 | 253.43 | NOTE | |
r-devel-linux-x86_64-fedora-clang | 0.1.4 | 423.00 | NOTE | |||
r-devel-linux-x86_64-fedora-gcc | 0.1.4 | 454.37 | NOTE | |||
r-devel-windows-x86_64 | 0.1.4 | 125.00 | 212.00 | 337.00 | NOTE | |
r-patched-linux-x86_64 | 0.1.4 | 121.19 | 139.39 | 260.58 | NOTE | |
r-release-linux-x86_64 | 0.1.4 | 115.18 | 140.74 | 255.92 | NOTE | |
r-release-macos-arm64 | 0.1.4 | 101.00 | NOTE | |||
r-release-macos-x86_64 | 0.1.4 | 216.00 | NOTE | |||
r-release-windows-x86_64 | 0.1.4 | 117.00 | 207.00 | 324.00 | NOTE | |
r-oldrel-macos-arm64 | 0.1.4 | 162.00 | NOTE | |||
r-oldrel-macos-x86_64 | 0.1.4 | 217.00 | NOTE | |||
r-oldrel-windows-ix86+x86_64 | 0.1.4 | 352.00 | 237.00 | 589.00 | NOTE |
Version: 0.1.4
Check: for GNU extensions in Makefiles
Result: NOTE
GNU make is a SystemRequirements.
Flavors: r-devel-linux-x86_64-debian-clang, r-devel-linux-x86_64-debian-gcc, r-devel-linux-x86_64-fedora-clang, r-devel-linux-x86_64-fedora-gcc, r-devel-windows-x86_64, r-patched-linux-x86_64, r-release-linux-x86_64, r-release-macos-arm64, r-release-macos-x86_64, r-release-windows-x86_64, r-oldrel-macos-arm64, r-oldrel-macos-x86_64, r-oldrel-windows-ix86+x86_64
Version: 0.1.4
Check: C++ specification
Result: NOTE
Specified C++14: please update to current default of C++17
Flavors: r-devel-linux-x86_64-debian-gcc, r-devel-linux-x86_64-fedora-gcc, r-devel-windows-x86_64
Version: 0.1.4
Check: installed package size
Result: NOTE
installed size is 48.9Mb
sub-directories of 1Mb or more:
libs 48.2Mb
Flavors: r-release-macos-arm64, r-release-macos-x86_64, r-oldrel-macos-arm64, r-oldrel-macos-x86_64, r-oldrel-windows-ix86+x86_64