CRAN Package Check Results for Package ggsoccer

Last updated on 2022-10-02 02:49:11 CEST.

Flavor Version Tinstall Tcheck Ttotal Status Flags
r-devel-linux-x86_64-debian-clang 0.1.6 4.50 56.49 60.99 NOTE
r-devel-linux-x86_64-debian-gcc 0.1.6 3.99 42.36 46.35 NOTE
r-devel-linux-x86_64-fedora-clang 0.1.6 88.25 NOTE
r-devel-linux-x86_64-fedora-gcc 0.1.6 88.73 NOTE
r-devel-windows-x86_64 0.1.6 18.00 82.00 100.00 NOTE
r-patched-linux-x86_64 0.1.6 5.66 52.85 58.51 NOTE
r-release-linux-x86_64 0.1.6 5.46 53.31 58.77 NOTE
r-release-macos-arm64 0.1.6 25.00 NOTE
r-release-macos-x86_64 0.1.6 43.00 NOTE
r-release-windows-x86_64 0.1.6 21.00 80.00 101.00 NOTE
r-oldrel-macos-arm64 0.1.6 27.00 NOTE
r-oldrel-macos-x86_64 0.1.6 39.00 NOTE
r-oldrel-windows-ix86+x86_64 0.1.6 14.00 77.00 91.00 NOTE

Check Details

Version: 0.1.6
Check: LazyData
Result: NOTE
     'LazyData' is specified without a 'data' directory
Flavors: r-devel-linux-x86_64-debian-clang, r-devel-linux-x86_64-debian-gcc, r-devel-linux-x86_64-fedora-clang, r-devel-linux-x86_64-fedora-gcc, r-devel-windows-x86_64, r-patched-linux-x86_64, r-release-linux-x86_64, r-release-macos-arm64, r-release-macos-x86_64, r-release-windows-x86_64, r-oldrel-macos-arm64, r-oldrel-macos-x86_64, r-oldrel-windows-ix86+x86_64