Last updated on 2023-02-05 18:55:05 CET.
Flavor | Version | Tinstall | Tcheck | Ttotal | Status | Flags |
---|---|---|---|---|---|---|
r-devel-linux-x86_64-debian-clang | 2.1.0 | 91.58 | 229.59 | 321.17 | NOTE | |
r-devel-linux-x86_64-debian-gcc | 2.1.0 | 70.85 | 164.13 | 234.98 | NOTE | |
r-devel-linux-x86_64-fedora-clang | 2.1.0 | 428.79 | NOTE | |||
r-devel-linux-x86_64-fedora-gcc | 2.1.0 | 390.81 | NOTE | |||
r-devel-windows-x86_64 | 2.1.0 | 256.00 | 410.00 | 666.00 | NOTE | |
r-patched-linux-x86_64 | 2.1.0 | 76.99 | 209.48 | 286.47 | OK | |
r-release-linux-x86_64 | 2.1.0 | 70.28 | 199.41 | 269.69 | OK | |
r-release-macos-arm64 | 2.1.0 | 118.00 | NOTE | |||
r-release-macos-x86_64 | 2.1.0 | 137.00 | NOTE | |||
r-release-windows-x86_64 | 2.1.0 | 157.00 | 397.00 | 554.00 | NOTE | |
r-oldrel-macos-arm64 | 2.1.0 | 118.00 | NOTE | |||
r-oldrel-macos-x86_64 | 2.1.0 | 146.00 | NOTE | |||
r-oldrel-windows-ix86+x86_64 | 2.1.0 | 213.00 | 387.00 | 600.00 | NOTE |
Version: 2.1.0
Check: C++ specification
Result: NOTE
Specified C++11: please update to current default of C++17
Flavors: r-devel-linux-x86_64-debian-clang, r-devel-linux-x86_64-debian-gcc, r-devel-linux-x86_64-fedora-clang, r-devel-linux-x86_64-fedora-gcc, r-devel-windows-x86_64
Version: 2.1.0
Check: installed package size
Result: NOTE
installed size is 5.1Mb
sub-directories of 1Mb or more:
doc 3.6Mb
Flavors: r-devel-linux-x86_64-fedora-clang, r-devel-windows-x86_64, r-release-macos-arm64, r-release-macos-x86_64, r-release-windows-x86_64, r-oldrel-macos-arm64, r-oldrel-macos-x86_64, r-oldrel-windows-ix86+x86_64