CRAN Package Check Results for Package ggpointless

Last updated on 2024-07-23 10:56:04 CEST.

Flavor Version Tinstall Tcheck Ttotal Status Flags
r-devel-linux-x86_64-debian-clang 0.1.0 4.97 111.81 116.78 OK
r-devel-linux-x86_64-debian-gcc 0.1.0 4.46 85.06 89.52 OK
r-devel-linux-x86_64-fedora-clang 0.1.0 150.92 NOTE
r-devel-linux-x86_64-fedora-gcc 0.1.0 155.33 NOTE
r-devel-windows-x86_64 0.1.0 10.00 93.00 103.00 OK
r-patched-linux-x86_64 0.1.0 5.94 107.15 113.09 OK
r-release-linux-x86_64 0.1.0 6.07 104.88 110.95 OK
r-release-macos-arm64 0.1.0 46.00 OK
r-release-macos-x86_64 0.1.0 71.00 OK
r-release-windows-x86_64 0.1.0 7.00 92.00 99.00 OK
r-oldrel-macos-arm64 0.1.0 56.00 OK
r-oldrel-macos-x86_64 0.1.0 97.00 OK
r-oldrel-windows-x86_64 0.1.0 8.00 110.00 118.00 OK

Check Details

Version: 0.1.0
Check: data for non-ASCII characters
Result: NOTE Note: found 35 marked UTF-8 strings Flavors: r-devel-linux-x86_64-fedora-clang, r-devel-linux-x86_64-fedora-gcc